{"id":17,"date":"2023-05-19T09:37:52","date_gmt":"2023-05-19T09:37:52","guid":{"rendered":"https:\/\/asadorsidreriapalacios.com\/?page_id=17"},"modified":"2023-09-13T08:56:18","modified_gmt":"2023-09-13T08:56:18","slug":"aviso-legal","status":"publish","type":"page","link":"https:\/\/aluminiosalumar.com\/index.php\/aviso-legal\/","title":{"rendered":"Aviso legal"},"content":{"rendered":"<p><strong>Identificaci\u00f3n del responsable del sitio web<\/strong><br \/>\nEn virtud de la Ley 15\/1999, de 13 de diciembre, sobre Protecci\u00f3n de Datos de car\u00e1cter personal, y lo establecido en la Ley 34\/2002, de 11 de julio, de Servicios de la Sociedad de la Informaci\u00f3n y de Comercio Electr\u00f3nico, te hacemos conocedor de que los datos personales que pueden estar en esta comunicaci\u00f3n, ser\u00e1n incorporados a un fichero responsabilidad de la mercantil Ra\u00fal Jim\u00e9nez Murillo (en adelante ALUMAR) con domicilio social en Calle Jarama 23 &#8211; 09270 Cerezo de R\u00edo Tir\u00f3n, Burgos, con N.I.F: 71265251G. La finalidad de este sitio web es la de generar contenido informativo a disposici\u00f3n de los usuarios para crear canales de informaci\u00f3n, opiniones y colaboraci\u00f3n.<\/p>\n<p>Tambi\u00e9n puedes contactarnos remiti\u00e9ndonos un correo electr\u00f3nico a alumarmkdig@gmail.com, o bien llam\u00e1ndonos al Tel. 659 82 41 91.<\/p>\n<p><strong>Objeto<\/strong><br \/>\nEl presente AVISO LEGAL regula los derechos y obligaciones de ALUMAR y de los usuarios en relaci\u00f3n el acceso, navegaci\u00f3n y utilizaci\u00f3n de la presente web sin perjuicio de que ALUMAR se reserve el derecho a modificar, sin previo aviso, su contenido, siendo vigentes las que se encuentren publicadas en el momento de navegaci\u00f3n.<\/p>\n<p>Mediante la navegaci\u00f3n, visualizaci\u00f3n y uso de esta web adquieres la condici\u00f3n de usuario, y por tanto implica por tu parte la aceptaci\u00f3n expresa de todas las cl\u00e1usulas que indicamos en el presente Aviso Legal, as\u00ed como el resto de advertencias o cl\u00e1usulas espec\u00edficas que se establezcan en las diferentes secciones para la contrataci\u00f3n, uso de servicios, productos, inscripciones, o secciones de la P\u00e1gina.<\/p>\n<p>Por lo que en caso de no aceptar las cl\u00e1usulas establecidas en el presente Aviso Legal, deber\u00e1s abstenerte de acceder y\/o utilizar los servicios y\/o contenidos puestos a tu disposici\u00f3n en la P\u00e1gina, procediendo a abandonar la misma.<\/p>\n<p>ALUMAR podr\u00e1 dar por terminado, suspender o interrumpir, en cualquier momento sin necesidad de previo aviso, el acceso a los contenidos de la p\u00e1gina, sin posibilidad por parte del Usuario de exigir indemnizaci\u00f3n alguna<\/p>\n<p>Acceso al sitio web<br \/>\nComo usuario de nuestra web te obligas a no utilizar la P\u00e1gina para la realizaci\u00f3n de actividades contrarias a las leyes, a la moral, al orden p\u00fablico y, en general, a hacer un uso conforme a las condiciones establecidas en el presente Aviso Legal. Asimismo, te obliga a no realizar actividades publicitarias o de explotaci\u00f3n comercial remitiendo mensajes que utilicen una identidad falsa.<\/p>\n<p>ALUMAR act\u00faa exclusivamente como responsable de la P\u00e1gina en su condici\u00f3n de prestador de un servicio de informaci\u00f3n y contenidos, bien sobre sus propios servicios, o bien sobre servicios de terceros con los que ha suscrito acuerdos, no haci\u00e9ndose responsable de los contenidos que, en contra de las presentes condiciones, los usuarios pudieran enviar o publicar, siendo el usuario el \u00fanico responsable de la veracidad y licitud de los mismos.<\/p>\n<p>ALUMAR podr\u00e1 interrumpir el servicio de la P\u00e1gina que est\u00e9 siendo utilizado por el usuario y resolver de modo inmediato la relaci\u00f3n con el usuario si detecta un uso de la P\u00e1gina o de cualquiera de los servicios que en el mismo se ofertan que pueda considerar contrario a lo expresado en el presente Aviso Legal<\/p>\n<p>El contenido de los servicios ofrecidos y su uso quedan limitados a usuarios mayores de 18 a\u00f1os.<\/p>\n<p>ALUMAR recuerda a los usuarios mayores de edad, que tengan a su cargo menores, que ser\u00e1 de su exclusiva responsabilidad determinar qu\u00e9 servicios y\/o contenidos son no apropiados para la edad de estos \u00faltimos. En caso de que tenga lugar el acceso y registro por parte de un menor, se presumir\u00e1 que dicho acceso se ha realizado con autorizaci\u00f3n previa y expresa de sus padres, tutores o representantes legales, ALUMAR se reserva el derecho a realizar cuantas verificaciones y comprobaciones considere oportunas a este respecto.<\/p>\n<p>ALUMAR te informa de que existen programas inform\u00e1ticos que permiten filtrar y bloquear el acceso a determinados contenidos y servicios, de tal forma que los padres o tutores, por ejemplo, pueden decidir cu\u00e1les son los contenidos y servicios de Internet a los que los menores pueden tener acceso y cu\u00e1les no.<\/p>\n<p>En ning\u00fan caso ALUMAR se responsabilizar\u00e1 de la veracidad de los datos facilitados por los usuarios, por lo que cada uno de \u00e9stos ser\u00e1 el \u00fanico responsable de que la informaci\u00f3n facilitada a ALUMAR resulte adecuada, exacta, actualizada y precisa o, en caso contrario, de las posibles consecuencias que pudieran derivarse de la falta de calidad y veracidad de los datos.<\/p>\n<p>Enlaces o links<br \/>\nAl igual que indic\u00e1bamos anteriormente nuestra p\u00e1gina, adem\u00e1s de los enlaces sobre productos, puede incluir enlaces o links a sitios de terceros. Reiteramos que las p\u00e1ginas pertenecientes a estos terceros no han sido revisadas ni son objeto de controles por parte de ALUMAR, por lo que ALUMAR no podr\u00e1 ser considerada responsable de los contenidos de estos sitios web, ni de las medidas que se adopten relativas a su privacidad o al tratamiento de sus datos de car\u00e1cter personal u otros que pudieran derivarse.<\/p>\n<p>ALUMAR recomienda la lectura detenida de las condiciones de uso, pol\u00edtica de privacidad, avisos legales y\/o similares de estos sitios.<\/p>\n<p>En caso de estar interesado en activar un enlace a alguna de las p\u00e1ginas de ALUMAR deber\u00e1 comunicarlo, obteniendo el consentimiento expreso para crear el enlace. ALUMAR reserva el derecho de oposici\u00f3n a la activaci\u00f3n de enlaces con su sitio web.<\/p>\n","protected":false},"excerpt":{"rendered":"<p>Identificaci\u00f3n del responsable del sitio web En virtud de la Ley 15\/1999, de 13 de diciembre, sobre Protecci\u00f3n de Datos de car\u00e1cter personal, y lo establecido en la Ley 34\/2002, de 11 de julio, de Servicios de la Sociedad de la Informaci\u00f3n y de Comercio Electr\u00f3nico, te hacemos conocedor de que los datos personales que &hellip; <\/p>\n<p class=\"link-more\"><a href=\"https:\/\/aluminiosalumar.com\/index.php\/aviso-legal\/\" class=\"more-link\">Continuar leyendo<span class=\"screen-reader-text\"> \u00abAviso legal\u00bb<\/span><\/a><\/p>\n","protected":false},"author":1,"featured_media":0,"parent":0,"menu_order":0,"comment_status":"closed","ping_status":"closed","template":"","meta":{"footnotes":""},"class_list":["post-17","page","type-page","status-publish","hentry"],"yoast_head":"<!-- This site is optimized with the Yoast SEO plugin v24.2 - https:\/\/yoast.com\/wordpress\/plugins\/seo\/ -->\n<title>Aviso legal -<\/title>\n<meta name=\"robots\" content=\"index, follow, max-snippet:-1, max-image-preview:large, max-video-preview:-1\" \/>\n<link rel=\"canonical\" href=\"https:\/\/aluminiosalumar.com\/index.php\/aviso-legal\/\" \/>\n<meta property=\"og:locale\" content=\"es_ES\" \/>\n<meta property=\"og:type\" content=\"article\" \/>\n<meta property=\"og:title\" content=\"Aviso legal -\" \/>\n<meta property=\"og:description\" content=\"Identificaci\u00f3n del responsable del sitio web En virtud de la Ley 15\/1999, de 13 de diciembre, sobre Protecci\u00f3n de Datos de car\u00e1cter personal, y lo establecido en la Ley 34\/2002, de 11 de julio, de Servicios de la Sociedad de la Informaci\u00f3n y de Comercio Electr\u00f3nico, te hacemos conocedor de que los datos personales que &hellip; Continuar leyendo &quot;Aviso legal&quot;\" \/>\n<meta property=\"og:url\" content=\"https:\/\/aluminiosalumar.com\/index.php\/aviso-legal\/\" \/>\n<meta property=\"article:modified_time\" content=\"2023-09-13T08:56:18+00:00\" \/>\n<meta name=\"twitter:card\" content=\"summary_large_image\" \/>\n<meta name=\"twitter:label1\" content=\"Tiempo de lectura\" \/>\n\t<meta name=\"twitter:data1\" content=\"5 minutos\" \/>\n<script type=\"application\/ld+json\" class=\"yoast-schema-graph\">{\"@context\":\"https:\/\/schema.org\",\"@graph\":[{\"@type\":\"WebPage\",\"@id\":\"https:\/\/aluminiosalumar.com\/index.php\/aviso-legal\/\",\"url\":\"https:\/\/aluminiosalumar.com\/index.php\/aviso-legal\/\",\"name\":\"Aviso legal -\",\"isPartOf\":{\"@id\":\"https:\/\/aluminiosalumar.com\/#website\"},\"datePublished\":\"2023-05-19T09:37:52+00:00\",\"dateModified\":\"2023-09-13T08:56:18+00:00\",\"breadcrumb\":{\"@id\":\"https:\/\/aluminiosalumar.com\/index.php\/aviso-legal\/#breadcrumb\"},\"inLanguage\":\"es\",\"potentialAction\":[{\"@type\":\"ReadAction\",\"target\":[\"https:\/\/aluminiosalumar.com\/index.php\/aviso-legal\/\"]}]},{\"@type\":\"BreadcrumbList\",\"@id\":\"https:\/\/aluminiosalumar.com\/index.php\/aviso-legal\/#breadcrumb\",\"itemListElement\":[{\"@type\":\"ListItem\",\"position\":1,\"name\":\"Portada\",\"item\":\"https:\/\/aluminiosalumar.com\/\"},{\"@type\":\"ListItem\",\"position\":2,\"name\":\"Aviso legal\"}]},{\"@type\":\"WebSite\",\"@id\":\"https:\/\/aluminiosalumar.com\/#website\",\"url\":\"https:\/\/aluminiosalumar.com\/\",\"name\":\"\",\"description\":\"Carpinter\u00eda de Alum\u00ednio y PVC\",\"potentialAction\":[{\"@type\":\"SearchAction\",\"target\":{\"@type\":\"EntryPoint\",\"urlTemplate\":\"https:\/\/aluminiosalumar.com\/?s={search_term_string}\"},\"query-input\":{\"@type\":\"PropertyValueSpecification\",\"valueRequired\":true,\"valueName\":\"search_term_string\"}}],\"inLanguage\":\"es\"}]}<\/script>\n<!-- \/ Yoast SEO plugin. -->","yoast_head_json":{"title":"Aviso legal -","robots":{"index":"index","follow":"follow","max-snippet":"max-snippet:-1","max-image-preview":"max-image-preview:large","max-video-preview":"max-video-preview:-1"},"canonical":"https:\/\/aluminiosalumar.com\/index.php\/aviso-legal\/","og_locale":"es_ES","og_type":"article","og_title":"Aviso legal -","og_description":"Identificaci\u00f3n del responsable del sitio web En virtud de la Ley 15\/1999, de 13 de diciembre, sobre Protecci\u00f3n de Datos de car\u00e1cter personal, y lo establecido en la Ley 34\/2002, de 11 de julio, de Servicios de la Sociedad de la Informaci\u00f3n y de Comercio Electr\u00f3nico, te hacemos conocedor de que los datos personales que &hellip; Continuar leyendo \"Aviso legal\"","og_url":"https:\/\/aluminiosalumar.com\/index.php\/aviso-legal\/","article_modified_time":"2023-09-13T08:56:18+00:00","twitter_card":"summary_large_image","twitter_misc":{"Tiempo de lectura":"5 minutos"},"schema":{"@context":"https:\/\/schema.org","@graph":[{"@type":"WebPage","@id":"https:\/\/aluminiosalumar.com\/index.php\/aviso-legal\/","url":"https:\/\/aluminiosalumar.com\/index.php\/aviso-legal\/","name":"Aviso legal -","isPartOf":{"@id":"https:\/\/aluminiosalumar.com\/#website"},"datePublished":"2023-05-19T09:37:52+00:00","dateModified":"2023-09-13T08:56:18+00:00","breadcrumb":{"@id":"https:\/\/aluminiosalumar.com\/index.php\/aviso-legal\/#breadcrumb"},"inLanguage":"es","potentialAction":[{"@type":"ReadAction","target":["https:\/\/aluminiosalumar.com\/index.php\/aviso-legal\/"]}]},{"@type":"BreadcrumbList","@id":"https:\/\/aluminiosalumar.com\/index.php\/aviso-legal\/#breadcrumb","itemListElement":[{"@type":"ListItem","position":1,"name":"Portada","item":"https:\/\/aluminiosalumar.com\/"},{"@type":"ListItem","position":2,"name":"Aviso legal"}]},{"@type":"WebSite","@id":"https:\/\/aluminiosalumar.com\/#website","url":"https:\/\/aluminiosalumar.com\/","name":"","description":"Carpinter\u00eda de Alum\u00ednio y PVC","potentialAction":[{"@type":"SearchAction","target":{"@type":"EntryPoint","urlTemplate":"https:\/\/aluminiosalumar.com\/?s={search_term_string}"},"query-input":{"@type":"PropertyValueSpecification","valueRequired":true,"valueName":"search_term_string"}}],"inLanguage":"es"}]}},"_links":{"self":[{"href":"https:\/\/aluminiosalumar.com\/index.php\/wp-json\/wp\/v2\/pages\/17","targetHints":{"allow":["GET"]}}],"collection":[{"href":"https:\/\/aluminiosalumar.com\/index.php\/wp-json\/wp\/v2\/pages"}],"about":[{"href":"https:\/\/aluminiosalumar.com\/index.php\/wp-json\/wp\/v2\/types\/page"}],"author":[{"embeddable":true,"href":"https:\/\/aluminiosalumar.com\/index.php\/wp-json\/wp\/v2\/users\/1"}],"replies":[{"embeddable":true,"href":"https:\/\/aluminiosalumar.com\/index.php\/wp-json\/wp\/v2\/comments?post=17"}],"version-history":[{"count":3,"href":"https:\/\/aluminiosalumar.com\/index.php\/wp-json\/wp\/v2\/pages\/17\/revisions"}],"predecessor-version":[{"id":972,"href":"https:\/\/aluminiosalumar.com\/index.php\/wp-json\/wp\/v2\/pages\/17\/revisions\/972"}],"wp:attachment":[{"href":"https:\/\/aluminiosalumar.com\/index.php\/wp-json\/wp\/v2\/media?parent=17"}],"curies":[{"name":"wp","href":"https:\/\/api.w.org\/{rel}","templated":true}]}}