{"id":66,"date":"2023-05-23T10:50:17","date_gmt":"2023-05-23T10:50:17","guid":{"rendered":"https:\/\/asadorsidreriapalacios.com\/?page_id=66"},"modified":"2023-08-29T12:08:38","modified_gmt":"2023-08-29T12:08:38","slug":"quienes-somos","status":"publish","type":"page","link":"https:\/\/aluminiosalumar.com\/index.php\/quienes-somos\/","title":{"rendered":"La F\u00e1brica"},"content":{"rendered":"\n<div class=\"wp-block-columns is-layout-flex wp-container-core-columns-is-layout-9d6595d7 wp-block-columns-is-layout-flex\">\n<div class=\"wp-block-column is-layout-flow wp-block-column-is-layout-flow\" style=\"flex-basis:100%\">\n<h1>Oscar Palacios<\/h1>\n\n\n\n<div style=\"height:50px\" aria-hidden=\"true\" class=\"wp-block-spacer\"><\/div>\n\n\n\n<div class=\"wp-block-columns is-layout-flex wp-container-core-columns-is-layout-9d6595d7 wp-block-columns-is-layout-flex\">\n<div class=\"wp-block-column is-layout-flow wp-block-column-is-layout-flow\">\n<figure class=\"wp-block-image size-large wp-duotone-unset-1\"><img loading=\"lazy\" decoding=\"async\" width=\"768\" height=\"1024\" src=\"https:\/\/aluminiosalumar.com\/wp-content\/uploads\/2023\/06\/oscar-palacios-parrilla2-768x1024.jpg\" alt=\"Oscar Palacios asando un chulet\u00f3n\" class=\"wp-image-606\" srcset=\"https:\/\/aluminiosalumar.com\/wp-content\/uploads\/2023\/06\/oscar-palacios-parrilla2-768x1024.jpg 768w, https:\/\/aluminiosalumar.com\/wp-content\/uploads\/2023\/06\/oscar-palacios-parrilla2-225x300.jpg 225w, https:\/\/aluminiosalumar.com\/wp-content\/uploads\/2023\/06\/oscar-palacios-parrilla2.jpg 1000w\" sizes=\"auto, (max-width: 767px) 89vw, (max-width: 1000px) 54vw, (max-width: 1071px) 543px, 580px\" \/><\/figure>\n<\/div>\n\n\n\n<div class=\"wp-block-column is-layout-flow wp-block-column-is-layout-flow\">\n<p>\u00d3scar Palacios es el due\u00f1o y maestro parrillero del Asador Sidrer\u00eda Palacios. Despu\u00e9s de media vida como parrillero apost\u00f3 por abrir, a comienzos del 2021, su propia propuesta gastron\u00f3mica donde el fuego es su aliado principal y la parrilla su se\u00f1a de identidad.<\/p>\n<p>Palacios lo tiene claro, lleva muchos a\u00f1os en la brasa, tiene experiencia y conoce bien las carnes y los pescados. Reconoce que no basta con controlar el fuego, tambi\u00e9n es necesario conocer a fondo los productos para utilizarlos adecuadamente.<\/p>\n<p>\u00bfSu especialidad? Las carnes y pescados a la brasa. Para los amantes de la carne, el chulet\u00f3n y el solomillo ser\u00e1n las estrellas sobre la parrilla, aunque tambi\u00e9n preparan otras piezas como la presa o el entrecot. En cuanto a los pescados, destacan especialidades como el rodaballo o la ijada de bonito, aunque tambi\u00e9n preparan cogote, chicharro, dorada, lubina y rape, entre otros.<\/p>\n<p>Los muchos a\u00f1os que \u00d3scar Palacios ha dedicado al mundo de la hosteler\u00eda y la restauraci\u00f3n le han permitido conocer a los mejores proveedores, a los que ha recurrido para su restaurante. Adem\u00e1s, ha establecido relaciones duraderas con numerosos clientes, con los que ha trabajado toda su vida y que ahora tienen en Palacios una nueva opci\u00f3n donde disfrutar e incluso celebrar comidas de trabajo.<\/p>\n<p>Los muchos a\u00f1os que \u00d3scar Palacios ha dedicado al mundo de la hosteler\u00eda y la restauraci\u00f3n le han permitido conocer a los mejores proveedores, a los que ha recurrido para su restaurante. Adem\u00e1s, ha establecido relaciones duraderas con numerosos clientes, con los que ha trabajado toda su vida y que ahora tienen en Palacios una nueva opci\u00f3n donde disfrutar e incluso celebrar comidas de trabajo.<\/p>\n<\/div>\n<\/div>\n<\/div>\n<\/div>\n\n\n\n<p><\/p>\n","protected":false},"excerpt":{"rendered":"<p>Oscar Palacios \u00d3scar Palacios es el due\u00f1o y maestro parrillero del Asador Sidrer\u00eda Palacios. Despu\u00e9s de media vida como parrillero apost\u00f3 por abrir, a comienzos del 2021, su propia propuesta gastron\u00f3mica donde el fuego es su aliado principal y la parrilla su se\u00f1a de identidad. Palacios lo tiene claro, lleva muchos a\u00f1os en la brasa, &hellip; <\/p>\n<p class=\"link-more\"><a href=\"https:\/\/aluminiosalumar.com\/index.php\/quienes-somos\/\" class=\"more-link\">Continuar leyendo<span class=\"screen-reader-text\"> \u00abLa F\u00e1brica\u00bb<\/span><\/a><\/p>\n","protected":false},"author":1,"featured_media":603,"parent":0,"menu_order":0,"comment_status":"closed","ping_status":"closed","template":"","meta":{"footnotes":""},"class_list":["post-66","page","type-page","status-publish","has-post-thumbnail","hentry"],"yoast_head":"<!-- This site is optimized with the Yoast SEO plugin v24.2 - https:\/\/yoast.com\/wordpress\/plugins\/seo\/ -->\n<title>La F\u00e1brica -<\/title>\n<meta name=\"robots\" content=\"index, follow, max-snippet:-1, max-image-preview:large, max-video-preview:-1\" \/>\n<link rel=\"canonical\" href=\"https:\/\/aluminiosalumar.com\/index.php\/quienes-somos\/\" \/>\n<meta property=\"og:locale\" content=\"es_ES\" \/>\n<meta property=\"og:type\" content=\"article\" \/>\n<meta property=\"og:title\" content=\"La F\u00e1brica -\" \/>\n<meta property=\"og:description\" content=\"Oscar Palacios \u00d3scar Palacios es el due\u00f1o y maestro parrillero del Asador Sidrer\u00eda Palacios. Despu\u00e9s de media vida como parrillero apost\u00f3 por abrir, a comienzos del 2021, su propia propuesta gastron\u00f3mica donde el fuego es su aliado principal y la parrilla su se\u00f1a de identidad. Palacios lo tiene claro, lleva muchos a\u00f1os en la brasa, &hellip; Continuar leyendo &quot;La F\u00e1brica&quot;\" \/>\n<meta property=\"og:url\" content=\"https:\/\/aluminiosalumar.com\/index.php\/quienes-somos\/\" \/>\n<meta property=\"article:modified_time\" content=\"2023-08-29T12:08:38+00:00\" \/>\n<meta property=\"og:image\" content=\"https:\/\/aluminiosalumar.com\/wp-content\/uploads\/2023\/06\/oscar-palacios2.jpg\" \/>\n\t<meta property=\"og:image:width\" content=\"1700\" \/>\n\t<meta property=\"og:image:height\" content=\"1000\" \/>\n\t<meta property=\"og:image:type\" content=\"image\/jpeg\" \/>\n<meta name=\"twitter:card\" content=\"summary_large_image\" \/>\n<meta name=\"twitter:label1\" content=\"Tiempo de lectura\" \/>\n\t<meta name=\"twitter:data1\" content=\"2 minutos\" \/>\n<script type=\"application\/ld+json\" class=\"yoast-schema-graph\">{\"@context\":\"https:\/\/schema.org\",\"@graph\":[{\"@type\":\"WebPage\",\"@id\":\"https:\/\/aluminiosalumar.com\/index.php\/quienes-somos\/\",\"url\":\"https:\/\/aluminiosalumar.com\/index.php\/quienes-somos\/\",\"name\":\"La F\u00e1brica -\",\"isPartOf\":{\"@id\":\"https:\/\/aluminiosalumar.com\/#website\"},\"primaryImageOfPage\":{\"@id\":\"https:\/\/aluminiosalumar.com\/index.php\/quienes-somos\/#primaryimage\"},\"image\":{\"@id\":\"https:\/\/aluminiosalumar.com\/index.php\/quienes-somos\/#primaryimage\"},\"thumbnailUrl\":\"https:\/\/aluminiosalumar.com\/wp-content\/uploads\/2023\/06\/oscar-palacios2.jpg\",\"datePublished\":\"2023-05-23T10:50:17+00:00\",\"dateModified\":\"2023-08-29T12:08:38+00:00\",\"breadcrumb\":{\"@id\":\"https:\/\/aluminiosalumar.com\/index.php\/quienes-somos\/#breadcrumb\"},\"inLanguage\":\"es\",\"potentialAction\":[{\"@type\":\"ReadAction\",\"target\":[\"https:\/\/aluminiosalumar.com\/index.php\/quienes-somos\/\"]}]},{\"@type\":\"ImageObject\",\"inLanguage\":\"es\",\"@id\":\"https:\/\/aluminiosalumar.com\/index.php\/quienes-somos\/#primaryimage\",\"url\":\"https:\/\/aluminiosalumar.com\/wp-content\/uploads\/2023\/06\/oscar-palacios2.jpg\",\"contentUrl\":\"https:\/\/aluminiosalumar.com\/wp-content\/uploads\/2023\/06\/oscar-palacios2.jpg\",\"width\":1700,\"height\":1000,\"caption\":\"Oscar Palacios presentando la carne y el pescado\"},{\"@type\":\"BreadcrumbList\",\"@id\":\"https:\/\/aluminiosalumar.com\/index.php\/quienes-somos\/#breadcrumb\",\"itemListElement\":[{\"@type\":\"ListItem\",\"position\":1,\"name\":\"Portada\",\"item\":\"https:\/\/aluminiosalumar.com\/\"},{\"@type\":\"ListItem\",\"position\":2,\"name\":\"La F\u00e1brica\"}]},{\"@type\":\"WebSite\",\"@id\":\"https:\/\/aluminiosalumar.com\/#website\",\"url\":\"https:\/\/aluminiosalumar.com\/\",\"name\":\"\",\"description\":\"Carpinter\u00eda de Alum\u00ednio y PVC\",\"potentialAction\":[{\"@type\":\"SearchAction\",\"target\":{\"@type\":\"EntryPoint\",\"urlTemplate\":\"https:\/\/aluminiosalumar.com\/?s={search_term_string}\"},\"query-input\":{\"@type\":\"PropertyValueSpecification\",\"valueRequired\":true,\"valueName\":\"search_term_string\"}}],\"inLanguage\":\"es\"}]}<\/script>\n<!-- \/ Yoast SEO plugin. -->","yoast_head_json":{"title":"La F\u00e1brica -","robots":{"index":"index","follow":"follow","max-snippet":"max-snippet:-1","max-image-preview":"max-image-preview:large","max-video-preview":"max-video-preview:-1"},"canonical":"https:\/\/aluminiosalumar.com\/index.php\/quienes-somos\/","og_locale":"es_ES","og_type":"article","og_title":"La F\u00e1brica -","og_description":"Oscar Palacios \u00d3scar Palacios es el due\u00f1o y maestro parrillero del Asador Sidrer\u00eda Palacios. Despu\u00e9s de media vida como parrillero apost\u00f3 por abrir, a comienzos del 2021, su propia propuesta gastron\u00f3mica donde el fuego es su aliado principal y la parrilla su se\u00f1a de identidad. Palacios lo tiene claro, lleva muchos a\u00f1os en la brasa, &hellip; Continuar leyendo \"La F\u00e1brica\"","og_url":"https:\/\/aluminiosalumar.com\/index.php\/quienes-somos\/","article_modified_time":"2023-08-29T12:08:38+00:00","og_image":[{"width":1700,"height":1000,"url":"https:\/\/aluminiosalumar.com\/wp-content\/uploads\/2023\/06\/oscar-palacios2.jpg","type":"image\/jpeg"}],"twitter_card":"summary_large_image","twitter_misc":{"Tiempo de lectura":"2 minutos"},"schema":{"@context":"https:\/\/schema.org","@graph":[{"@type":"WebPage","@id":"https:\/\/aluminiosalumar.com\/index.php\/quienes-somos\/","url":"https:\/\/aluminiosalumar.com\/index.php\/quienes-somos\/","name":"La F\u00e1brica -","isPartOf":{"@id":"https:\/\/aluminiosalumar.com\/#website"},"primaryImageOfPage":{"@id":"https:\/\/aluminiosalumar.com\/index.php\/quienes-somos\/#primaryimage"},"image":{"@id":"https:\/\/aluminiosalumar.com\/index.php\/quienes-somos\/#primaryimage"},"thumbnailUrl":"https:\/\/aluminiosalumar.com\/wp-content\/uploads\/2023\/06\/oscar-palacios2.jpg","datePublished":"2023-05-23T10:50:17+00:00","dateModified":"2023-08-29T12:08:38+00:00","breadcrumb":{"@id":"https:\/\/aluminiosalumar.com\/index.php\/quienes-somos\/#breadcrumb"},"inLanguage":"es","potentialAction":[{"@type":"ReadAction","target":["https:\/\/aluminiosalumar.com\/index.php\/quienes-somos\/"]}]},{"@type":"ImageObject","inLanguage":"es","@id":"https:\/\/aluminiosalumar.com\/index.php\/quienes-somos\/#primaryimage","url":"https:\/\/aluminiosalumar.com\/wp-content\/uploads\/2023\/06\/oscar-palacios2.jpg","contentUrl":"https:\/\/aluminiosalumar.com\/wp-content\/uploads\/2023\/06\/oscar-palacios2.jpg","width":1700,"height":1000,"caption":"Oscar Palacios presentando la carne y el pescado"},{"@type":"BreadcrumbList","@id":"https:\/\/aluminiosalumar.com\/index.php\/quienes-somos\/#breadcrumb","itemListElement":[{"@type":"ListItem","position":1,"name":"Portada","item":"https:\/\/aluminiosalumar.com\/"},{"@type":"ListItem","position":2,"name":"La F\u00e1brica"}]},{"@type":"WebSite","@id":"https:\/\/aluminiosalumar.com\/#website","url":"https:\/\/aluminiosalumar.com\/","name":"","description":"Carpinter\u00eda de Alum\u00ednio y PVC","potentialAction":[{"@type":"SearchAction","target":{"@type":"EntryPoint","urlTemplate":"https:\/\/aluminiosalumar.com\/?s={search_term_string}"},"query-input":{"@type":"PropertyValueSpecification","valueRequired":true,"valueName":"search_term_string"}}],"inLanguage":"es"}]}},"_links":{"self":[{"href":"https:\/\/aluminiosalumar.com\/index.php\/wp-json\/wp\/v2\/pages\/66","targetHints":{"allow":["GET"]}}],"collection":[{"href":"https:\/\/aluminiosalumar.com\/index.php\/wp-json\/wp\/v2\/pages"}],"about":[{"href":"https:\/\/aluminiosalumar.com\/index.php\/wp-json\/wp\/v2\/types\/page"}],"author":[{"embeddable":true,"href":"https:\/\/aluminiosalumar.com\/index.php\/wp-json\/wp\/v2\/users\/1"}],"replies":[{"embeddable":true,"href":"https:\/\/aluminiosalumar.com\/index.php\/wp-json\/wp\/v2\/comments?post=66"}],"version-history":[{"count":2,"href":"https:\/\/aluminiosalumar.com\/index.php\/wp-json\/wp\/v2\/pages\/66\/revisions"}],"predecessor-version":[{"id":796,"href":"https:\/\/aluminiosalumar.com\/index.php\/wp-json\/wp\/v2\/pages\/66\/revisions\/796"}],"wp:featuredmedia":[{"embeddable":true,"href":"https:\/\/aluminiosalumar.com\/index.php\/wp-json\/wp\/v2\/media\/603"}],"wp:attachment":[{"href":"https:\/\/aluminiosalumar.com\/index.php\/wp-json\/wp\/v2\/media?parent=66"}],"curies":[{"name":"wp","href":"https:\/\/api.w.org\/{rel}","templated":true}]}}

La Fábrica

<div class="wp-block-columns is-layout-flex wp-container-core-columns-is-layout-9d6595d7 wp-block-columns-is-layout-flex">
<div class="wp-block-column is-layout-flow wp-block-column-is-layout-flow" style="flex-basis:100%">
<h1>Oscar Palacios</h1>



<div style="height:50px" aria-hidden="true" class="wp-block-spacer"></div>



<div class="wp-block-columns is-layout-flex wp-container-core-columns-is-layout-9d6595d7 wp-block-columns-is-layout-flex">
<div class="wp-block-column is-layout-flow wp-block-column-is-layout-flow">
<figure class="wp-block-image size-large wp-duotone-unset-1"><img loading="lazy" decoding="async" width="768" height="1024" src="https://aluminiosalumar.com/wp-content/uploads/2023/06/oscar-palacios-parrilla2-768x1024.jpg" alt="Oscar Palacios asando un chuletón" class="wp-image-606" srcset="https://aluminiosalumar.com/wp-content/uploads/2023/06/oscar-palacios-parrilla2-768x1024.jpg 768w, https://aluminiosalumar.com/wp-content/uploads/2023/06/oscar-palacios-parrilla2-225x300.jpg 225w, https://aluminiosalumar.com/wp-content/uploads/2023/06/oscar-palacios-parrilla2.jpg 1000w" sizes="auto, (max-width: 767px) 89vw, (max-width: 1000px) 54vw, (max-width: 1071px) 543px, 580px" /></figure>
</div>



<div class="wp-block-column is-layout-flow wp-block-column-is-layout-flow">
<p>Óscar Palacios es el dueño y maestro parrillero del Asador Sidrería Palacios. Después de media vida como parrillero apostó por abrir, a comienzos del 2021, su propia propuesta gastronómica donde el fuego es su aliado principal y la parrilla su seña de identidad.</p>
<p>Palacios lo tiene claro, lleva muchos años en la brasa, tiene experiencia y conoce bien las carnes y los pescados. Reconoce que no basta con controlar el fuego, también es necesario conocer a fondo los productos para utilizarlos adecuadamente.</p>
<p>¿Su especialidad? Las carnes y pescados a la brasa. Para los amantes de la carne, el chuletón y el solomillo serán las estrellas sobre la parrilla, aunque también preparan otras piezas como la presa o el entrecot. En cuanto a los pescados, destacan especialidades como el rodaballo o la ijada de bonito, aunque también preparan cogote, chicharro, dorada, lubina y rape, entre otros.</p>
<p>Los muchos años que Óscar Palacios ha dedicado al mundo de la hostelería y la restauración le han permitido conocer a los mejores proveedores, a los que ha recurrido para su restaurante. Además, ha establecido relaciones duraderas con numerosos clientes, con los que ha trabajado toda su vida y que ahora tienen en Palacios una nueva opción donde disfrutar e incluso celebrar comidas de trabajo.</p>
<p>Los muchos años que Óscar Palacios ha dedicado al mundo de la hostelería y la restauración le han permitido conocer a los mejores proveedores, a los que ha recurrido para su restaurante. Además, ha establecido relaciones duraderas con numerosos clientes, con los que ha trabajado toda su vida y que ahora tienen en Palacios una nueva opción donde disfrutar e incluso celebrar comidas de trabajo.</p>
</div>
</div>
</div>
</div>



<p></p>

<p>Oscar Palacios Óscar Palacios es el dueño y maestro parrillero del Asador Sidrería Palacios. Después de media vida como parrillero apostó por abrir, a comienzos del 2021, su propia propuesta gastronómica donde el fuego es su aliado principal y la parrilla su seña de identidad. Palacios lo tiene claro, lleva muchos años en la brasa, &hellip; </p>
<p class="link-more"><a href="https://aluminiosalumar.com/index.php/quienes-somos/" class="more-link">Continuar leyendo<span class="screen-reader-text"> «La Fábrica»</span></a></p>

<!-- This site is optimized with the Yoast SEO plugin v24.2 - https://yoast.com/wordpress/plugins/seo/ -->
<title>La Fábrica -</title>
<meta name="robots" content="index, follow, max-snippet:-1, max-image-preview:large, max-video-preview:-1" />
<link rel="canonical" href="https://aluminiosalumar.com/index.php/quienes-somos/" />
<meta property="og:locale" content="es_ES" />
<meta property="og:type" content="article" />
<meta property="og:title" content="La Fábrica -" />
<meta property="og:description" content="Oscar Palacios Óscar Palacios es el dueño y maestro parrillero del Asador Sidrería Palacios. Después de media vida como parrillero apostó por abrir, a comienzos del 2021, su propia propuesta gastronómica donde el fuego es su aliado principal y la parrilla su seña de identidad. Palacios lo tiene claro, lleva muchos años en la brasa, &hellip; Continuar leyendo &quot;La Fábrica&quot;" />
<meta property="og:url" content="https://aluminiosalumar.com/index.php/quienes-somos/" />
<meta property="article:modified_time" content="2023-08-29T12:08:38+00:00" />
<meta property="og:image" content="https://aluminiosalumar.com/wp-content/uploads/2023/06/oscar-palacios2.jpg" />
	<meta property="og:image:width" content="1700" />
	<meta property="og:image:height" content="1000" />
	<meta property="og:image:type" content="image/jpeg" />
<meta name="twitter:card" content="summary_large_image" />
<meta name="twitter:label1" content="Tiempo de lectura" />
	<meta name="twitter:data1" content="2 minutos" />
<script type="application/ld+json" class="yoast-schema-graph">{"@context":"https://schema.org","@graph":[{"@type":"WebPage","@id":"https://aluminiosalumar.com/index.php/quienes-somos/","url":"https://aluminiosalumar.com/index.php/quienes-somos/","name":"La Fábrica -","isPartOf":{"@id":"https://aluminiosalumar.com/#website"},"primaryImageOfPage":{"@id":"https://aluminiosalumar.com/index.php/quienes-somos/#primaryimage"},"image":{"@id":"https://aluminiosalumar.com/index.php/quienes-somos/#primaryimage"},"thumbnailUrl":"https://aluminiosalumar.com/wp-content/uploads/2023/06/oscar-palacios2.jpg","datePublished":"2023-05-23T10:50:17+00:00","dateModified":"2023-08-29T12:08:38+00:00","breadcrumb":{"@id":"https://aluminiosalumar.com/index.php/quienes-somos/#breadcrumb"},"inLanguage":"es","potentialAction":[{"@type":"ReadAction","target":["https://aluminiosalumar.com/index.php/quienes-somos/"]}]},{"@type":"ImageObject","inLanguage":"es","@id":"https://aluminiosalumar.com/index.php/quienes-somos/#primaryimage","url":"https://aluminiosalumar.com/wp-content/uploads/2023/06/oscar-palacios2.jpg","contentUrl":"https://aluminiosalumar.com/wp-content/uploads/2023/06/oscar-palacios2.jpg","width":1700,"height":1000,"caption":"Oscar Palacios presentando la carne y el pescado"},{"@type":"BreadcrumbList","@id":"https://aluminiosalumar.com/index.php/quienes-somos/#breadcrumb","itemListElement":[{"@type":"ListItem","position":1,"name":"Portada","item":"https://aluminiosalumar.com/"},{"@type":"ListItem","position":2,"name":"La Fábrica"}]},{"@type":"WebSite","@id":"https://aluminiosalumar.com/#website","url":"https://aluminiosalumar.com/","name":"","description":"Carpintería de Alumínio y PVC","potentialAction":[{"@type":"SearchAction","target":{"@type":"EntryPoint","urlTemplate":"https://aluminiosalumar.com/?s={search_term_string}"},"query-input":{"@type":"PropertyValueSpecification","valueRequired":true,"valueName":"search_term_string"}}],"inLanguage":"es"}]}</script>
<!-- / Yoast SEO plugin. -->

La Fábrica -

Oscar Palacios Óscar Palacios es el dueño y maestro parrillero del Asador Sidrería Palacios. Después de media vida como parrillero apostó por abrir, a comienzos del 2021, su propia propuesta gastronómica donde el fuego es su aliado principal y la parrilla su seña de identidad. Palacios lo tiene claro, lleva muchos años en la brasa, &hellip; Continuar leyendo "La Fábrica"

Carpintería de Alumínio y PVC
