{"id":815,"date":"2023-08-31T11:14:07","date_gmt":"2023-08-31T11:14:07","guid":{"rendered":"https:\/\/aluminiosalumar.com\/?page_id=815"},"modified":"2023-09-08T11:10:27","modified_gmt":"2023-09-08T11:10:27","slug":"carpinteria-de-aluminio-y-pvc-en-burgos","status":"publish","type":"page","link":"https:\/\/aluminiosalumar.com\/index.php\/carpinteria-de-aluminio-y-pvc-en-burgos\/","title":{"rendered":"Carpinter\u00eda de Aluminio y PVC en Burgos"},"content":{"rendered":"\n<p><\/p>\n\n\n<p>Estamos en Cerezo del R\u00edo Tir\u00f3n, a media hora de Miranda de Ebro y menos de una hora de Burgos o Logro\u00f1o, y desde este peque\u00f1o pueblo burgal\u00e9s damos servicio a toda Espa\u00f1a, especialmente Burgos, La Rioja y Pa\u00eds Vasco.<\/p>\n\n\n<figure class=\"wp-block-image size-large\"><img loading=\"lazy\" decoding=\"async\" width=\"1024\" height=\"119\" src=\"https:\/\/aluminiosalumar.com\/wp-content\/uploads\/2023\/09\/kitdigital-1024x119.png\" alt=\"\" class=\"wp-image-962\" srcset=\"https:\/\/aluminiosalumar.com\/wp-content\/uploads\/2023\/09\/kitdigital-1024x119.png 1024w, https:\/\/aluminiosalumar.com\/wp-content\/uploads\/2023\/09\/kitdigital-300x35.png 300w, https:\/\/aluminiosalumar.com\/wp-content\/uploads\/2023\/09\/kitdigital-768x89.png 768w, https:\/\/aluminiosalumar.com\/wp-content\/uploads\/2023\/09\/kitdigital-1536x178.png 1536w, https:\/\/aluminiosalumar.com\/wp-content\/uploads\/2023\/09\/kitdigital-2048x238.png 2048w\" sizes=\"auto, (max-width: 767px) 89vw, (max-width: 1000px) 54vw, (max-width: 1071px) 543px, 580px\" \/><\/figure>\n","protected":false},"excerpt":{"rendered":"<p>Estamos en Cerezo del R\u00edo Tir\u00f3n, a media hora de Miranda de Ebro y menos de una hora de Burgos o Logro\u00f1o, y desde este peque\u00f1o pueblo burgal\u00e9s damos servicio a toda Espa\u00f1a, especialmente Burgos, La Rioja y Pa\u00eds Vasco.<\/p>\n","protected":false},"author":1,"featured_media":829,"parent":0,"menu_order":0,"comment_status":"closed","ping_status":"closed","template":"","meta":{"footnotes":""},"class_list":["post-815","page","type-page","status-publish","has-post-thumbnail","hentry"],"yoast_head":"<!-- This site is optimized with the Yoast SEO plugin v24.2 - https:\/\/yoast.com\/wordpress\/plugins\/seo\/ -->\n<title>Carpinter\u00eda de Aluminio y PVC en Burgos -<\/title>\n<meta name=\"robots\" content=\"index, follow, max-snippet:-1, max-image-preview:large, max-video-preview:-1\" \/>\n<link rel=\"canonical\" href=\"https:\/\/aluminiosalumar.com\/index.php\/carpinteria-de-aluminio-y-pvc-en-burgos\/\" \/>\n<meta property=\"og:locale\" content=\"es_ES\" \/>\n<meta property=\"og:type\" content=\"article\" \/>\n<meta property=\"og:title\" content=\"Carpinter\u00eda de Aluminio y PVC en Burgos -\" \/>\n<meta property=\"og:description\" content=\"Estamos en Cerezo del R\u00edo Tir\u00f3n, a media hora de Miranda de Ebro y menos de una hora de Burgos o Logro\u00f1o, y desde este peque\u00f1o pueblo burgal\u00e9s damos servicio a toda Espa\u00f1a, especialmente Burgos, La Rioja y Pa\u00eds Vasco.\" \/>\n<meta property=\"og:url\" content=\"https:\/\/aluminiosalumar.com\/index.php\/carpinteria-de-aluminio-y-pvc-en-burgos\/\" \/>\n<meta property=\"article:modified_time\" content=\"2023-09-08T11:10:27+00:00\" \/>\n<meta property=\"og:image\" content=\"https:\/\/aluminiosalumar.com\/wp-content\/uploads\/2023\/08\/Ventanas-de-Aluminio-6-1024x682.png\" \/>\n\t<meta property=\"og:image:width\" content=\"1024\" \/>\n\t<meta property=\"og:image:height\" content=\"682\" \/>\n\t<meta property=\"og:image:type\" content=\"image\/png\" \/>\n<meta name=\"twitter:card\" content=\"summary_large_image\" \/>\n<script type=\"application\/ld+json\" class=\"yoast-schema-graph\">{\"@context\":\"https:\/\/schema.org\",\"@graph\":[{\"@type\":\"WebPage\",\"@id\":\"https:\/\/aluminiosalumar.com\/index.php\/carpinteria-de-aluminio-y-pvc-en-burgos\/\",\"url\":\"https:\/\/aluminiosalumar.com\/index.php\/carpinteria-de-aluminio-y-pvc-en-burgos\/\",\"name\":\"Carpinter\u00eda de Aluminio y PVC en Burgos -\",\"isPartOf\":{\"@id\":\"https:\/\/aluminiosalumar.com\/#website\"},\"primaryImageOfPage\":{\"@id\":\"https:\/\/aluminiosalumar.com\/index.php\/carpinteria-de-aluminio-y-pvc-en-burgos\/#primaryimage\"},\"image\":{\"@id\":\"https:\/\/aluminiosalumar.com\/index.php\/carpinteria-de-aluminio-y-pvc-en-burgos\/#primaryimage\"},\"thumbnailUrl\":\"https:\/\/aluminiosalumar.com\/wp-content\/uploads\/2023\/08\/Ventanas-de-Aluminio-6.png\",\"datePublished\":\"2023-08-31T11:14:07+00:00\",\"dateModified\":\"2023-09-08T11:10:27+00:00\",\"breadcrumb\":{\"@id\":\"https:\/\/aluminiosalumar.com\/index.php\/carpinteria-de-aluminio-y-pvc-en-burgos\/#breadcrumb\"},\"inLanguage\":\"es\",\"potentialAction\":[{\"@type\":\"ReadAction\",\"target\":[\"https:\/\/aluminiosalumar.com\/index.php\/carpinteria-de-aluminio-y-pvc-en-burgos\/\"]}]},{\"@type\":\"ImageObject\",\"inLanguage\":\"es\",\"@id\":\"https:\/\/aluminiosalumar.com\/index.php\/carpinteria-de-aluminio-y-pvc-en-burgos\/#primaryimage\",\"url\":\"https:\/\/aluminiosalumar.com\/wp-content\/uploads\/2023\/08\/Ventanas-de-Aluminio-6.png\",\"contentUrl\":\"https:\/\/aluminiosalumar.com\/wp-content\/uploads\/2023\/08\/Ventanas-de-Aluminio-6.png\",\"width\":1536,\"height\":1023},{\"@type\":\"BreadcrumbList\",\"@id\":\"https:\/\/aluminiosalumar.com\/index.php\/carpinteria-de-aluminio-y-pvc-en-burgos\/#breadcrumb\",\"itemListElement\":[{\"@type\":\"ListItem\",\"position\":1,\"name\":\"Portada\",\"item\":\"https:\/\/aluminiosalumar.com\/\"},{\"@type\":\"ListItem\",\"position\":2,\"name\":\"Carpinter\u00eda de Aluminio y PVC en Burgos\"}]},{\"@type\":\"WebSite\",\"@id\":\"https:\/\/aluminiosalumar.com\/#website\",\"url\":\"https:\/\/aluminiosalumar.com\/\",\"name\":\"\",\"description\":\"Carpinter\u00eda de Alum\u00ednio y PVC\",\"potentialAction\":[{\"@type\":\"SearchAction\",\"target\":{\"@type\":\"EntryPoint\",\"urlTemplate\":\"https:\/\/aluminiosalumar.com\/?s={search_term_string}\"},\"query-input\":{\"@type\":\"PropertyValueSpecification\",\"valueRequired\":true,\"valueName\":\"search_term_string\"}}],\"inLanguage\":\"es\"}]}<\/script>\n<!-- \/ Yoast SEO plugin. -->","yoast_head_json":{"title":"Carpinter\u00eda de Aluminio y PVC en Burgos -","robots":{"index":"index","follow":"follow","max-snippet":"max-snippet:-1","max-image-preview":"max-image-preview:large","max-video-preview":"max-video-preview:-1"},"canonical":"https:\/\/aluminiosalumar.com\/index.php\/carpinteria-de-aluminio-y-pvc-en-burgos\/","og_locale":"es_ES","og_type":"article","og_title":"Carpinter\u00eda de Aluminio y PVC en Burgos -","og_description":"Estamos en Cerezo del R\u00edo Tir\u00f3n, a media hora de Miranda de Ebro y menos de una hora de Burgos o Logro\u00f1o, y desde este peque\u00f1o pueblo burgal\u00e9s damos servicio a toda Espa\u00f1a, especialmente Burgos, La Rioja y Pa\u00eds Vasco.","og_url":"https:\/\/aluminiosalumar.com\/index.php\/carpinteria-de-aluminio-y-pvc-en-burgos\/","article_modified_time":"2023-09-08T11:10:27+00:00","og_image":[{"width":1024,"height":682,"url":"https:\/\/aluminiosalumar.com\/wp-content\/uploads\/2023\/08\/Ventanas-de-Aluminio-6-1024x682.png","type":"image\/png"}],"twitter_card":"summary_large_image","schema":{"@context":"https:\/\/schema.org","@graph":[{"@type":"WebPage","@id":"https:\/\/aluminiosalumar.com\/index.php\/carpinteria-de-aluminio-y-pvc-en-burgos\/","url":"https:\/\/aluminiosalumar.com\/index.php\/carpinteria-de-aluminio-y-pvc-en-burgos\/","name":"Carpinter\u00eda de Aluminio y PVC en Burgos -","isPartOf":{"@id":"https:\/\/aluminiosalumar.com\/#website"},"primaryImageOfPage":{"@id":"https:\/\/aluminiosalumar.com\/index.php\/carpinteria-de-aluminio-y-pvc-en-burgos\/#primaryimage"},"image":{"@id":"https:\/\/aluminiosalumar.com\/index.php\/carpinteria-de-aluminio-y-pvc-en-burgos\/#primaryimage"},"thumbnailUrl":"https:\/\/aluminiosalumar.com\/wp-content\/uploads\/2023\/08\/Ventanas-de-Aluminio-6.png","datePublished":"2023-08-31T11:14:07+00:00","dateModified":"2023-09-08T11:10:27+00:00","breadcrumb":{"@id":"https:\/\/aluminiosalumar.com\/index.php\/carpinteria-de-aluminio-y-pvc-en-burgos\/#breadcrumb"},"inLanguage":"es","potentialAction":[{"@type":"ReadAction","target":["https:\/\/aluminiosalumar.com\/index.php\/carpinteria-de-aluminio-y-pvc-en-burgos\/"]}]},{"@type":"ImageObject","inLanguage":"es","@id":"https:\/\/aluminiosalumar.com\/index.php\/carpinteria-de-aluminio-y-pvc-en-burgos\/#primaryimage","url":"https:\/\/aluminiosalumar.com\/wp-content\/uploads\/2023\/08\/Ventanas-de-Aluminio-6.png","contentUrl":"https:\/\/aluminiosalumar.com\/wp-content\/uploads\/2023\/08\/Ventanas-de-Aluminio-6.png","width":1536,"height":1023},{"@type":"BreadcrumbList","@id":"https:\/\/aluminiosalumar.com\/index.php\/carpinteria-de-aluminio-y-pvc-en-burgos\/#breadcrumb","itemListElement":[{"@type":"ListItem","position":1,"name":"Portada","item":"https:\/\/aluminiosalumar.com\/"},{"@type":"ListItem","position":2,"name":"Carpinter\u00eda de Aluminio y PVC en Burgos"}]},{"@type":"WebSite","@id":"https:\/\/aluminiosalumar.com\/#website","url":"https:\/\/aluminiosalumar.com\/","name":"","description":"Carpinter\u00eda de Alum\u00ednio y PVC","potentialAction":[{"@type":"SearchAction","target":{"@type":"EntryPoint","urlTemplate":"https:\/\/aluminiosalumar.com\/?s={search_term_string}"},"query-input":{"@type":"PropertyValueSpecification","valueRequired":true,"valueName":"search_term_string"}}],"inLanguage":"es"}]}},"_links":{"self":[{"href":"https:\/\/aluminiosalumar.com\/index.php\/wp-json\/wp\/v2\/pages\/815","targetHints":{"allow":["GET"]}}],"collection":[{"href":"https:\/\/aluminiosalumar.com\/index.php\/wp-json\/wp\/v2\/pages"}],"about":[{"href":"https:\/\/aluminiosalumar.com\/index.php\/wp-json\/wp\/v2\/types\/page"}],"author":[{"embeddable":true,"href":"https:\/\/aluminiosalumar.com\/index.php\/wp-json\/wp\/v2\/users\/1"}],"replies":[{"embeddable":true,"href":"https:\/\/aluminiosalumar.com\/index.php\/wp-json\/wp\/v2\/comments?post=815"}],"version-history":[{"count":4,"href":"https:\/\/aluminiosalumar.com\/index.php\/wp-json\/wp\/v2\/pages\/815\/revisions"}],"predecessor-version":[{"id":1227,"href":"https:\/\/aluminiosalumar.com\/index.php\/wp-json\/wp\/v2\/pages\/815\/revisions\/1227"}],"wp:featuredmedia":[{"embeddable":true,"href":"https:\/\/aluminiosalumar.com\/index.php\/wp-json\/wp\/v2\/media\/829"}],"wp:attachment":[{"href":"https:\/\/aluminiosalumar.com\/index.php\/wp-json\/wp\/v2\/media?parent=815"}],"curies":[{"name":"wp","href":"https:\/\/api.w.org\/{rel}","templated":true}]}}

Carpintería de Aluminio y PVC en Burgos

<p></p>


<p>Estamos en Cerezo del Río Tirón, a media hora de Miranda de Ebro y menos de una hora de Burgos o Logroño, y desde este pequeño pueblo burgalés damos servicio a toda España, especialmente Burgos, La Rioja y País Vasco.</p>


<figure class="wp-block-image size-large"><img loading="lazy" decoding="async" width="1024" height="119" src="https://aluminiosalumar.com/wp-content/uploads/2023/09/kitdigital-1024x119.png" alt="" class="wp-image-962" srcset="https://aluminiosalumar.com/wp-content/uploads/2023/09/kitdigital-1024x119.png 1024w, https://aluminiosalumar.com/wp-content/uploads/2023/09/kitdigital-300x35.png 300w, https://aluminiosalumar.com/wp-content/uploads/2023/09/kitdigital-768x89.png 768w, https://aluminiosalumar.com/wp-content/uploads/2023/09/kitdigital-1536x178.png 1536w, https://aluminiosalumar.com/wp-content/uploads/2023/09/kitdigital-2048x238.png 2048w" sizes="auto, (max-width: 767px) 89vw, (max-width: 1000px) 54vw, (max-width: 1071px) 543px, 580px" /></figure>

<p>Estamos en Cerezo del Río Tirón, a media hora de Miranda de Ebro y menos de una hora de Burgos o Logroño, y desde este pequeño pueblo burgalés damos servicio a toda España, especialmente Burgos, La Rioja y País Vasco.</p>

<!-- This site is optimized with the Yoast SEO plugin v24.2 - https://yoast.com/wordpress/plugins/seo/ -->
<title>Carpintería de Aluminio y PVC en Burgos -</title>
<meta name="robots" content="index, follow, max-snippet:-1, max-image-preview:large, max-video-preview:-1" />
<link rel="canonical" href="https://aluminiosalumar.com/index.php/carpinteria-de-aluminio-y-pvc-en-burgos/" />
<meta property="og:locale" content="es_ES" />
<meta property="og:type" content="article" />
<meta property="og:title" content="Carpintería de Aluminio y PVC en Burgos -" />
<meta property="og:description" content="Estamos en Cerezo del Río Tirón, a media hora de Miranda de Ebro y menos de una hora de Burgos o Logroño, y desde este pequeño pueblo burgalés damos servicio a toda España, especialmente Burgos, La Rioja y País Vasco." />
<meta property="og:url" content="https://aluminiosalumar.com/index.php/carpinteria-de-aluminio-y-pvc-en-burgos/" />
<meta property="article:modified_time" content="2023-09-08T11:10:27+00:00" />
<meta property="og:image" content="https://aluminiosalumar.com/wp-content/uploads/2023/08/Ventanas-de-Aluminio-6-1024x682.png" />
	<meta property="og:image:width" content="1024" />
	<meta property="og:image:height" content="682" />
	<meta property="og:image:type" content="image/png" />
<meta name="twitter:card" content="summary_large_image" />
<script type="application/ld+json" class="yoast-schema-graph">{"@context":"https://schema.org","@graph":[{"@type":"WebPage","@id":"https://aluminiosalumar.com/index.php/carpinteria-de-aluminio-y-pvc-en-burgos/","url":"https://aluminiosalumar.com/index.php/carpinteria-de-aluminio-y-pvc-en-burgos/","name":"Carpintería de Aluminio y PVC en Burgos -","isPartOf":{"@id":"https://aluminiosalumar.com/#website"},"primaryImageOfPage":{"@id":"https://aluminiosalumar.com/index.php/carpinteria-de-aluminio-y-pvc-en-burgos/#primaryimage"},"image":{"@id":"https://aluminiosalumar.com/index.php/carpinteria-de-aluminio-y-pvc-en-burgos/#primaryimage"},"thumbnailUrl":"https://aluminiosalumar.com/wp-content/uploads/2023/08/Ventanas-de-Aluminio-6.png","datePublished":"2023-08-31T11:14:07+00:00","dateModified":"2023-09-08T11:10:27+00:00","breadcrumb":{"@id":"https://aluminiosalumar.com/index.php/carpinteria-de-aluminio-y-pvc-en-burgos/#breadcrumb"},"inLanguage":"es","potentialAction":[{"@type":"ReadAction","target":["https://aluminiosalumar.com/index.php/carpinteria-de-aluminio-y-pvc-en-burgos/"]}]},{"@type":"ImageObject","inLanguage":"es","@id":"https://aluminiosalumar.com/index.php/carpinteria-de-aluminio-y-pvc-en-burgos/#primaryimage","url":"https://aluminiosalumar.com/wp-content/uploads/2023/08/Ventanas-de-Aluminio-6.png","contentUrl":"https://aluminiosalumar.com/wp-content/uploads/2023/08/Ventanas-de-Aluminio-6.png","width":1536,"height":1023},{"@type":"BreadcrumbList","@id":"https://aluminiosalumar.com/index.php/carpinteria-de-aluminio-y-pvc-en-burgos/#breadcrumb","itemListElement":[{"@type":"ListItem","position":1,"name":"Portada","item":"https://aluminiosalumar.com/"},{"@type":"ListItem","position":2,"name":"Carpintería de Aluminio y PVC en Burgos"}]},{"@type":"WebSite","@id":"https://aluminiosalumar.com/#website","url":"https://aluminiosalumar.com/","name":"","description":"Carpintería de Alumínio y PVC","potentialAction":[{"@type":"SearchAction","target":{"@type":"EntryPoint","urlTemplate":"https://aluminiosalumar.com/?s={search_term_string}"},"query-input":{"@type":"PropertyValueSpecification","valueRequired":true,"valueName":"search_term_string"}}],"inLanguage":"es"}]}</script>
<!-- / Yoast SEO plugin. -->

Carpintería de Aluminio y PVC en Burgos -

Estamos en Cerezo del Río Tirón, a media hora de Miranda de Ebro y menos de una hora de Burgos o Logroño, y desde este pequeño pueblo burgalés damos servicio a toda España, especialmente Burgos, La Rioja y País Vasco.

Carpintería de Alumínio y PVC
