{"id":865,"date":"2023-09-07T09:47:13","date_gmt":"2023-09-07T09:47:13","guid":{"rendered":"https:\/\/aluminiosalumar.com\/?page_id=865"},"modified":"2024-10-11T06:20:36","modified_gmt":"2024-10-11T06:20:36","slug":"puerta-de-garaje","status":"publish","type":"page","link":"https:\/\/aluminiosalumar.com\/index.php\/puerta-de-garaje\/","title":{"rendered":"Puerta de Garaje"},"content":{"rendered":"<p>Elegir una puerta autom\u00e1tica para un garaje o una residencia es una decisi\u00f3n importante que debe responder a las necesidades de cada caso.<\/p>\n<p>En ALUMAR estamos especializados en la instalaci\u00f3n y cuidado de una amplia variedad de puertas autom\u00e1ticas, tanto para garajes como para residencias. Colaboramos con reconocidos fabricantes para ofrecer productos de la m\u00e1s alta calidad, asegurando una fiabilidad inigualable. Adem\u00e1s, ofrecemos diversas alternativas de dise\u00f1o y acabado que se fusionan perfectamente con el estilo \u00fanico de cada propiedad, respaldando as\u00ed nuestra promesa de excelencia.<\/p>\n<p>\u2022 Puerta de Garaje Seccionales Residencial o Comunitaria<br \/>\n\u2022 Puerta de Garaje Basculante 1 o 2 hojas Residencial o Comunitaria<\/p>\n\n\n<div style=\"height:45px\" aria-hidden=\"true\" class=\"wp-block-spacer\"><\/div>\n\n\n\n<figure class=\"wp-block-gallery has-nested-images columns-default is-cropped wp-block-gallery-1 is-layout-flex wp-block-gallery-is-layout-flex\">\n<figure class=\"wp-block-image size-large\"><img loading=\"lazy\" decoding=\"async\" width=\"1024\" height=\"682\" data-id=\"922\" src=\"https:\/\/aluminiosalumar.com\/wp-content\/uploads\/2023\/09\/Puerta-Garaje-1-1024x682.png\" alt=\"Ejemplo de instalaci\u00f3n de puertas de garajes\" class=\"wp-image-922\" srcset=\"https:\/\/aluminiosalumar.com\/wp-content\/uploads\/2023\/09\/Puerta-Garaje-1-1024x682.png 1024w, https:\/\/aluminiosalumar.com\/wp-content\/uploads\/2023\/09\/Puerta-Garaje-1-300x200.png 300w, https:\/\/aluminiosalumar.com\/wp-content\/uploads\/2023\/09\/Puerta-Garaje-1-768x512.png 768w, https:\/\/aluminiosalumar.com\/wp-content\/uploads\/2023\/09\/Puerta-Garaje-1.png 1536w\" sizes=\"auto, (max-width: 767px) 89vw, (max-width: 1000px) 54vw, (max-width: 1071px) 543px, 580px\" \/><\/figure>\n\n\n\n<figure class=\"wp-block-image size-large\"><img loading=\"lazy\" decoding=\"async\" width=\"1024\" height=\"682\" data-id=\"917\" src=\"https:\/\/aluminiosalumar.com\/wp-content\/uploads\/2023\/09\/Puerta-Garaje-2-1024x682.png\" alt=\"Ejemplo de instalaci\u00f3n de puertas de garajes\" class=\"wp-image-917\" srcset=\"https:\/\/aluminiosalumar.com\/wp-content\/uploads\/2023\/09\/Puerta-Garaje-2-1024x682.png 1024w, https:\/\/aluminiosalumar.com\/wp-content\/uploads\/2023\/09\/Puerta-Garaje-2-300x200.png 300w, https:\/\/aluminiosalumar.com\/wp-content\/uploads\/2023\/09\/Puerta-Garaje-2-768x512.png 768w, https:\/\/aluminiosalumar.com\/wp-content\/uploads\/2023\/09\/Puerta-Garaje-2.png 1536w\" sizes=\"auto, (max-width: 767px) 89vw, (max-width: 1000px) 54vw, (max-width: 1071px) 543px, 580px\" \/><\/figure>\n\n\n\n<figure class=\"wp-block-image size-large\"><img loading=\"lazy\" decoding=\"async\" width=\"1024\" height=\"682\" data-id=\"920\" src=\"https:\/\/aluminiosalumar.com\/wp-content\/uploads\/2023\/09\/Puerta-Garaje-3-1024x682.png\" alt=\"Instalaci\u00f3n de puerta de garaje, imagen interior\" class=\"wp-image-920\" srcset=\"https:\/\/aluminiosalumar.com\/wp-content\/uploads\/2023\/09\/Puerta-Garaje-3-1024x682.png 1024w, https:\/\/aluminiosalumar.com\/wp-content\/uploads\/2023\/09\/Puerta-Garaje-3-300x200.png 300w, https:\/\/aluminiosalumar.com\/wp-content\/uploads\/2023\/09\/Puerta-Garaje-3-768x512.png 768w, https:\/\/aluminiosalumar.com\/wp-content\/uploads\/2023\/09\/Puerta-Garaje-3.png 1536w\" sizes=\"auto, (max-width: 767px) 89vw, (max-width: 1000px) 54vw, (max-width: 1071px) 543px, 580px\" \/><\/figure>\n\n\n\n<figure class=\"wp-block-image size-large\"><img loading=\"lazy\" decoding=\"async\" width=\"1024\" height=\"682\" data-id=\"916\" src=\"https:\/\/aluminiosalumar.com\/wp-content\/uploads\/2023\/09\/Puerta-Garaje-4-1024x682.png\" alt=\"Ejemplo de Instalaci\u00f3n de puerta de garaje.\" class=\"wp-image-916\" srcset=\"https:\/\/aluminiosalumar.com\/wp-content\/uploads\/2023\/09\/Puerta-Garaje-4-1024x682.png 1024w, https:\/\/aluminiosalumar.com\/wp-content\/uploads\/2023\/09\/Puerta-Garaje-4-300x200.png 300w, https:\/\/aluminiosalumar.com\/wp-content\/uploads\/2023\/09\/Puerta-Garaje-4-768x512.png 768w, https:\/\/aluminiosalumar.com\/wp-content\/uploads\/2023\/09\/Puerta-Garaje-4.png 1536w\" sizes=\"auto, (max-width: 767px) 89vw, (max-width: 1000px) 54vw, (max-width: 1071px) 543px, 580px\" \/><\/figure>\n\n\n\n<figure class=\"wp-block-image size-large\"><img loading=\"lazy\" decoding=\"async\" width=\"1024\" height=\"682\" data-id=\"921\" src=\"https:\/\/aluminiosalumar.com\/wp-content\/uploads\/2023\/09\/Puerta-Garaje-5-1024x682.png\" alt=\"Ejemplo de Instalaci\u00f3n de puerta de garaje.\" class=\"wp-image-921\" srcset=\"https:\/\/aluminiosalumar.com\/wp-content\/uploads\/2023\/09\/Puerta-Garaje-5-1024x682.png 1024w, https:\/\/aluminiosalumar.com\/wp-content\/uploads\/2023\/09\/Puerta-Garaje-5-300x200.png 300w, https:\/\/aluminiosalumar.com\/wp-content\/uploads\/2023\/09\/Puerta-Garaje-5-768x512.png 768w, https:\/\/aluminiosalumar.com\/wp-content\/uploads\/2023\/09\/Puerta-Garaje-5.png 1536w\" sizes=\"auto, (max-width: 767px) 89vw, (max-width: 1000px) 54vw, (max-width: 1071px) 543px, 580px\" \/><\/figure>\n\n\n\n<figure class=\"wp-block-image size-large\"><img loading=\"lazy\" decoding=\"async\" width=\"1024\" height=\"682\" data-id=\"911\" src=\"https:\/\/aluminiosalumar.com\/wp-content\/uploads\/2023\/09\/Puerta-Garaje-6-1024x682.png\" alt=\"persona abriendo garaje instalada por alumar\" class=\"wp-image-911\" srcset=\"https:\/\/aluminiosalumar.com\/wp-content\/uploads\/2023\/09\/Puerta-Garaje-6-1024x682.png 1024w, https:\/\/aluminiosalumar.com\/wp-content\/uploads\/2023\/09\/Puerta-Garaje-6-300x200.png 300w, https:\/\/aluminiosalumar.com\/wp-content\/uploads\/2023\/09\/Puerta-Garaje-6-768x512.png 768w, https:\/\/aluminiosalumar.com\/wp-content\/uploads\/2023\/09\/Puerta-Garaje-6.png 1536w\" sizes=\"auto, (max-width: 767px) 89vw, (max-width: 1000px) 54vw, (max-width: 1071px) 543px, 580px\" \/><\/figure>\n\n\n\n<figure class=\"wp-block-image size-large\"><img loading=\"lazy\" decoding=\"async\" width=\"1024\" height=\"682\" data-id=\"915\" src=\"https:\/\/aluminiosalumar.com\/wp-content\/uploads\/2023\/09\/Puerta-Garaje-7-1024x682.png\" alt=\"Ejemplo de Instalaci\u00f3n de puerta de garaje.\" class=\"wp-image-915\" srcset=\"https:\/\/aluminiosalumar.com\/wp-content\/uploads\/2023\/09\/Puerta-Garaje-7-1024x682.png 1024w, https:\/\/aluminiosalumar.com\/wp-content\/uploads\/2023\/09\/Puerta-Garaje-7-300x200.png 300w, https:\/\/aluminiosalumar.com\/wp-content\/uploads\/2023\/09\/Puerta-Garaje-7-768x512.png 768w, https:\/\/aluminiosalumar.com\/wp-content\/uploads\/2023\/09\/Puerta-Garaje-7.png 1536w\" sizes=\"auto, (max-width: 767px) 89vw, (max-width: 1000px) 54vw, (max-width: 1071px) 543px, 580px\" \/><\/figure>\n\n\n\n<figure class=\"wp-block-image size-large\"><img loading=\"lazy\" decoding=\"async\" width=\"1024\" height=\"682\" data-id=\"918\" src=\"https:\/\/aluminiosalumar.com\/wp-content\/uploads\/2023\/09\/Puerta-Garaje-8-1024x682.png\" alt=\"Ejemplo de Instalaci\u00f3n de puerta de garaje.\" class=\"wp-image-918\" srcset=\"https:\/\/aluminiosalumar.com\/wp-content\/uploads\/2023\/09\/Puerta-Garaje-8-1024x682.png 1024w, https:\/\/aluminiosalumar.com\/wp-content\/uploads\/2023\/09\/Puerta-Garaje-8-300x200.png 300w, https:\/\/aluminiosalumar.com\/wp-content\/uploads\/2023\/09\/Puerta-Garaje-8-768x512.png 768w, https:\/\/aluminiosalumar.com\/wp-content\/uploads\/2023\/09\/Puerta-Garaje-8.png 1536w\" sizes=\"auto, (max-width: 767px) 89vw, (max-width: 1000px) 54vw, (max-width: 1071px) 543px, 580px\" \/><\/figure>\n\n\n\n<figure class=\"wp-block-image size-large\"><img loading=\"lazy\" decoding=\"async\" width=\"768\" height=\"1024\" data-id=\"914\" src=\"https:\/\/aluminiosalumar.com\/wp-content\/uploads\/2023\/09\/PUERTA-GARAJE-ALUMAR-1.jpg\" alt=\"Ejemplo de Instalaci\u00f3n de puerta de comercio.\" class=\"wp-image-914\" srcset=\"https:\/\/aluminiosalumar.com\/wp-content\/uploads\/2023\/09\/PUERTA-GARAJE-ALUMAR-1.jpg 768w, https:\/\/aluminiosalumar.com\/wp-content\/uploads\/2023\/09\/PUERTA-GARAJE-ALUMAR-1-225x300.jpg 225w\" sizes=\"auto, (max-width: 767px) 89vw, (max-width: 1000px) 54vw, (max-width: 1071px) 543px, 580px\" \/><\/figure>\n\n\n\n<figure class=\"wp-block-image size-large\"><img loading=\"lazy\" decoding=\"async\" width=\"1024\" height=\"768\" data-id=\"910\" src=\"https:\/\/aluminiosalumar.com\/wp-content\/uploads\/2023\/09\/PUERTA-GARAJE-ALUMAR-2.jpg\" alt=\"Ejemplo de Instalaci\u00f3n de puerta de garaje.\" class=\"wp-image-910\" srcset=\"https:\/\/aluminiosalumar.com\/wp-content\/uploads\/2023\/09\/PUERTA-GARAJE-ALUMAR-2.jpg 1024w, https:\/\/aluminiosalumar.com\/wp-content\/uploads\/2023\/09\/PUERTA-GARAJE-ALUMAR-2-300x225.jpg 300w, https:\/\/aluminiosalumar.com\/wp-content\/uploads\/2023\/09\/PUERTA-GARAJE-ALUMAR-2-768x576.jpg 768w\" sizes=\"auto, (max-width: 767px) 89vw, (max-width: 1000px) 54vw, (max-width: 1071px) 543px, 580px\" \/><\/figure>\n\n\n\n<figure class=\"wp-block-image size-large\"><img loading=\"lazy\" decoding=\"async\" width=\"768\" height=\"1024\" data-id=\"913\" src=\"https:\/\/aluminiosalumar.com\/wp-content\/uploads\/2023\/09\/PUERTA-GARAJE-ALUMAR-3.jpg\" alt=\"Ejemplo de Instalaci\u00f3n de puerta de garaje.\" class=\"wp-image-913\" srcset=\"https:\/\/aluminiosalumar.com\/wp-content\/uploads\/2023\/09\/PUERTA-GARAJE-ALUMAR-3.jpg 768w, https:\/\/aluminiosalumar.com\/wp-content\/uploads\/2023\/09\/PUERTA-GARAJE-ALUMAR-3-225x300.jpg 225w\" sizes=\"auto, (max-width: 767px) 89vw, (max-width: 1000px) 54vw, (max-width: 1071px) 543px, 580px\" \/><\/figure>\n\n\n\n<figure class=\"wp-block-image size-large\"><img loading=\"lazy\" decoding=\"async\" width=\"768\" height=\"1024\" data-id=\"912\" src=\"https:\/\/aluminiosalumar.com\/wp-content\/uploads\/2023\/09\/PUERTA-GARAJE-ALUMAR-4.jpg\" alt=\"Ejemplo de Instalaci\u00f3n de puerta de garaje.\" class=\"wp-image-912\" srcset=\"https:\/\/aluminiosalumar.com\/wp-content\/uploads\/2023\/09\/PUERTA-GARAJE-ALUMAR-4.jpg 768w, https:\/\/aluminiosalumar.com\/wp-content\/uploads\/2023\/09\/PUERTA-GARAJE-ALUMAR-4-225x300.jpg 225w\" sizes=\"auto, (max-width: 767px) 89vw, (max-width: 1000px) 54vw, (max-width: 1071px) 543px, 580px\" \/><\/figure>\n\n\n\n<figure class=\"wp-block-image size-large\"><img loading=\"lazy\" decoding=\"async\" width=\"1024\" height=\"682\" data-id=\"919\" src=\"https:\/\/aluminiosalumar.com\/wp-content\/uploads\/2023\/09\/PUERTA-GARAJE-BANCO-IMAG-1-1024x682.png\" alt=\"Ejemplo de Instalaci\u00f3n de puerta de carga y descarga de nave .\" class=\"wp-image-919\" srcset=\"https:\/\/aluminiosalumar.com\/wp-content\/uploads\/2023\/09\/PUERTA-GARAJE-BANCO-IMAG-1-1024x682.png 1024w, https:\/\/aluminiosalumar.com\/wp-content\/uploads\/2023\/09\/PUERTA-GARAJE-BANCO-IMAG-1-300x200.png 300w, https:\/\/aluminiosalumar.com\/wp-content\/uploads\/2023\/09\/PUERTA-GARAJE-BANCO-IMAG-1-768x512.png 768w, https:\/\/aluminiosalumar.com\/wp-content\/uploads\/2023\/09\/PUERTA-GARAJE-BANCO-IMAG-1.png 1536w\" sizes=\"auto, (max-width: 767px) 89vw, (max-width: 1000px) 54vw, (max-width: 1071px) 543px, 580px\" \/><\/figure>\n<\/figure>\n","protected":false},"excerpt":{"rendered":"<p>Elegir una puerta autom\u00e1tica para un garaje o una residencia es una decisi\u00f3n importante que debe responder a las necesidades de cada caso. En ALUMAR estamos especializados en la instalaci\u00f3n y cuidado de una amplia variedad de puertas autom\u00e1ticas, tanto para garajes como para residencias. Colaboramos con reconocidos fabricantes para ofrecer productos de la m\u00e1s &hellip; <\/p>\n<p class=\"link-more\"><a href=\"https:\/\/aluminiosalumar.com\/index.php\/puerta-de-garaje\/\" class=\"more-link\">Continuar leyendo<span class=\"screen-reader-text\"> \u00abPuerta de Garaje\u00bb<\/span><\/a><\/p>\n","protected":false},"author":1,"featured_media":0,"parent":0,"menu_order":0,"comment_status":"closed","ping_status":"closed","template":"","meta":{"footnotes":""},"class_list":["post-865","page","type-page","status-publish","hentry"],"yoast_head":"<!-- This site is optimized with the Yoast SEO plugin v24.2 - https:\/\/yoast.com\/wordpress\/plugins\/seo\/ -->\n<title>Puertas autom\u00e1ticas para garajes y residencias en Burgos<\/title>\n<meta name=\"description\" content=\"En ALUMAR estamos especializados en la instalaci\u00f3n y cuidado de una amplia variedad de puertas autom\u00e1ticas para garajes y residencias.\" \/>\n<meta name=\"robots\" content=\"index, follow, max-snippet:-1, max-image-preview:large, max-video-preview:-1\" \/>\n<link rel=\"canonical\" href=\"https:\/\/aluminiosalumar.com\/index.php\/puerta-de-garaje\/\" \/>\n<meta property=\"og:locale\" content=\"es_ES\" \/>\n<meta property=\"og:type\" content=\"article\" \/>\n<meta property=\"og:title\" content=\"Puertas autom\u00e1ticas para garajes y residencias en Burgos\" \/>\n<meta property=\"og:description\" content=\"En ALUMAR estamos especializados en la instalaci\u00f3n y cuidado de una amplia variedad de puertas autom\u00e1ticas para garajes y residencias.\" \/>\n<meta property=\"og:url\" content=\"https:\/\/aluminiosalumar.com\/index.php\/puerta-de-garaje\/\" \/>\n<meta property=\"article:modified_time\" content=\"2024-10-11T06:20:36+00:00\" \/>\n<meta property=\"og:image\" content=\"https:\/\/aluminiosalumar.com\/wp-content\/uploads\/2023\/09\/Puerta-Garaje-1-1024x682.png\" \/>\n<meta name=\"twitter:card\" content=\"summary_large_image\" \/>\n<meta name=\"twitter:label1\" content=\"Tiempo de lectura\" \/>\n\t<meta name=\"twitter:data1\" content=\"4 minutos\" \/>\n<script type=\"application\/ld+json\" class=\"yoast-schema-graph\">{\"@context\":\"https:\/\/schema.org\",\"@graph\":[{\"@type\":\"WebPage\",\"@id\":\"https:\/\/aluminiosalumar.com\/index.php\/puerta-de-garaje\/\",\"url\":\"https:\/\/aluminiosalumar.com\/index.php\/puerta-de-garaje\/\",\"name\":\"Puertas autom\u00e1ticas para garajes y residencias en Burgos\",\"isPartOf\":{\"@id\":\"https:\/\/aluminiosalumar.com\/#website\"},\"primaryImageOfPage\":{\"@id\":\"https:\/\/aluminiosalumar.com\/index.php\/puerta-de-garaje\/#primaryimage\"},\"image\":{\"@id\":\"https:\/\/aluminiosalumar.com\/index.php\/puerta-de-garaje\/#primaryimage\"},\"thumbnailUrl\":\"https:\/\/aluminiosalumar.com\/wp-content\/uploads\/2023\/09\/Puerta-Garaje-1-1024x682.png\",\"datePublished\":\"2023-09-07T09:47:13+00:00\",\"dateModified\":\"2024-10-11T06:20:36+00:00\",\"description\":\"En ALUMAR estamos especializados en la instalaci\u00f3n y cuidado de una amplia variedad de puertas autom\u00e1ticas para garajes y residencias.\",\"breadcrumb\":{\"@id\":\"https:\/\/aluminiosalumar.com\/index.php\/puerta-de-garaje\/#breadcrumb\"},\"inLanguage\":\"es\",\"potentialAction\":[{\"@type\":\"ReadAction\",\"target\":[\"https:\/\/aluminiosalumar.com\/index.php\/puerta-de-garaje\/\"]}]},{\"@type\":\"ImageObject\",\"inLanguage\":\"es\",\"@id\":\"https:\/\/aluminiosalumar.com\/index.php\/puerta-de-garaje\/#primaryimage\",\"url\":\"https:\/\/aluminiosalumar.com\/wp-content\/uploads\/2023\/09\/Puerta-Garaje-1.png\",\"contentUrl\":\"https:\/\/aluminiosalumar.com\/wp-content\/uploads\/2023\/09\/Puerta-Garaje-1.png\",\"width\":1536,\"height\":1023},{\"@type\":\"BreadcrumbList\",\"@id\":\"https:\/\/aluminiosalumar.com\/index.php\/puerta-de-garaje\/#breadcrumb\",\"itemListElement\":[{\"@type\":\"ListItem\",\"position\":1,\"name\":\"Portada\",\"item\":\"https:\/\/aluminiosalumar.com\/\"},{\"@type\":\"ListItem\",\"position\":2,\"name\":\"Puerta de Garaje\"}]},{\"@type\":\"WebSite\",\"@id\":\"https:\/\/aluminiosalumar.com\/#website\",\"url\":\"https:\/\/aluminiosalumar.com\/\",\"name\":\"\",\"description\":\"Carpinter\u00eda de Alum\u00ednio y PVC\",\"potentialAction\":[{\"@type\":\"SearchAction\",\"target\":{\"@type\":\"EntryPoint\",\"urlTemplate\":\"https:\/\/aluminiosalumar.com\/?s={search_term_string}\"},\"query-input\":{\"@type\":\"PropertyValueSpecification\",\"valueRequired\":true,\"valueName\":\"search_term_string\"}}],\"inLanguage\":\"es\"}]}<\/script>\n<!-- \/ Yoast SEO plugin. -->","yoast_head_json":{"title":"Puertas autom\u00e1ticas para garajes y residencias en Burgos","description":"En ALUMAR estamos especializados en la instalaci\u00f3n y cuidado de una amplia variedad de puertas autom\u00e1ticas para garajes y residencias.","robots":{"index":"index","follow":"follow","max-snippet":"max-snippet:-1","max-image-preview":"max-image-preview:large","max-video-preview":"max-video-preview:-1"},"canonical":"https:\/\/aluminiosalumar.com\/index.php\/puerta-de-garaje\/","og_locale":"es_ES","og_type":"article","og_title":"Puertas autom\u00e1ticas para garajes y residencias en Burgos","og_description":"En ALUMAR estamos especializados en la instalaci\u00f3n y cuidado de una amplia variedad de puertas autom\u00e1ticas para garajes y residencias.","og_url":"https:\/\/aluminiosalumar.com\/index.php\/puerta-de-garaje\/","article_modified_time":"2024-10-11T06:20:36+00:00","og_image":[{"url":"https:\/\/aluminiosalumar.com\/wp-content\/uploads\/2023\/09\/Puerta-Garaje-1-1024x682.png","type":"","width":"","height":""}],"twitter_card":"summary_large_image","twitter_misc":{"Tiempo de lectura":"4 minutos"},"schema":{"@context":"https:\/\/schema.org","@graph":[{"@type":"WebPage","@id":"https:\/\/aluminiosalumar.com\/index.php\/puerta-de-garaje\/","url":"https:\/\/aluminiosalumar.com\/index.php\/puerta-de-garaje\/","name":"Puertas autom\u00e1ticas para garajes y residencias en Burgos","isPartOf":{"@id":"https:\/\/aluminiosalumar.com\/#website"},"primaryImageOfPage":{"@id":"https:\/\/aluminiosalumar.com\/index.php\/puerta-de-garaje\/#primaryimage"},"image":{"@id":"https:\/\/aluminiosalumar.com\/index.php\/puerta-de-garaje\/#primaryimage"},"thumbnailUrl":"https:\/\/aluminiosalumar.com\/wp-content\/uploads\/2023\/09\/Puerta-Garaje-1-1024x682.png","datePublished":"2023-09-07T09:47:13+00:00","dateModified":"2024-10-11T06:20:36+00:00","description":"En ALUMAR estamos especializados en la instalaci\u00f3n y cuidado de una amplia variedad de puertas autom\u00e1ticas para garajes y residencias.","breadcrumb":{"@id":"https:\/\/aluminiosalumar.com\/index.php\/puerta-de-garaje\/#breadcrumb"},"inLanguage":"es","potentialAction":[{"@type":"ReadAction","target":["https:\/\/aluminiosalumar.com\/index.php\/puerta-de-garaje\/"]}]},{"@type":"ImageObject","inLanguage":"es","@id":"https:\/\/aluminiosalumar.com\/index.php\/puerta-de-garaje\/#primaryimage","url":"https:\/\/aluminiosalumar.com\/wp-content\/uploads\/2023\/09\/Puerta-Garaje-1.png","contentUrl":"https:\/\/aluminiosalumar.com\/wp-content\/uploads\/2023\/09\/Puerta-Garaje-1.png","width":1536,"height":1023},{"@type":"BreadcrumbList","@id":"https:\/\/aluminiosalumar.com\/index.php\/puerta-de-garaje\/#breadcrumb","itemListElement":[{"@type":"ListItem","position":1,"name":"Portada","item":"https:\/\/aluminiosalumar.com\/"},{"@type":"ListItem","position":2,"name":"Puerta de Garaje"}]},{"@type":"WebSite","@id":"https:\/\/aluminiosalumar.com\/#website","url":"https:\/\/aluminiosalumar.com\/","name":"","description":"Carpinter\u00eda de Alum\u00ednio y PVC","potentialAction":[{"@type":"SearchAction","target":{"@type":"EntryPoint","urlTemplate":"https:\/\/aluminiosalumar.com\/?s={search_term_string}"},"query-input":{"@type":"PropertyValueSpecification","valueRequired":true,"valueName":"search_term_string"}}],"inLanguage":"es"}]}},"_links":{"self":[{"href":"https:\/\/aluminiosalumar.com\/index.php\/wp-json\/wp\/v2\/pages\/865","targetHints":{"allow":["GET"]}}],"collection":[{"href":"https:\/\/aluminiosalumar.com\/index.php\/wp-json\/wp\/v2\/pages"}],"about":[{"href":"https:\/\/aluminiosalumar.com\/index.php\/wp-json\/wp\/v2\/types\/page"}],"author":[{"embeddable":true,"href":"https:\/\/aluminiosalumar.com\/index.php\/wp-json\/wp\/v2\/users\/1"}],"replies":[{"embeddable":true,"href":"https:\/\/aluminiosalumar.com\/index.php\/wp-json\/wp\/v2\/comments?post=865"}],"version-history":[{"count":7,"href":"https:\/\/aluminiosalumar.com\/index.php\/wp-json\/wp\/v2\/pages\/865\/revisions"}],"predecessor-version":[{"id":1234,"href":"https:\/\/aluminiosalumar.com\/index.php\/wp-json\/wp\/v2\/pages\/865\/revisions\/1234"}],"wp:attachment":[{"href":"https:\/\/aluminiosalumar.com\/index.php\/wp-json\/wp\/v2\/media?parent=865"}],"curies":[{"name":"wp","href":"https:\/\/api.w.org\/{rel}","templated":true}]}}