{"id":869,"date":"2023-09-07T09:48:58","date_gmt":"2023-09-07T09:48:58","guid":{"rendered":"https:\/\/aluminiosalumar.com\/?page_id=869"},"modified":"2024-10-11T06:25:34","modified_gmt":"2024-10-11T06:25:34","slug":"terrazas-balcones-y-toldos","status":"publish","type":"page","link":"https:\/\/aluminiosalumar.com\/index.php\/terrazas-balcones-y-toldos\/","title":{"rendered":"Terrazas, Balcones y Toldos"},"content":{"rendered":"<p>Los cerramientos de terrazas y balcones son perfectos para realizar actividades al aire libre, como reuniones con amigos o leer un libro sentados en una hamaca. Nos permiten aislar cierta parte de nuestra terraza protegi\u00e9ndonos del fr\u00edo o lluvias de ciertas estaciones, protegido de las bajas y altas temperaturas, adem\u00e1s de los rayos de sol directos, y para poder disfrutar de \u00e9l en todo momento. En resumen, suponen una ampliaci\u00f3n del espacio habitable de una vivienda.<\/p>\n<p>Instalamos a medida:<\/p>\n<p>\u2022 Cerramientos de aluminio o PVC con ventana corredera<br \/>\n\u2022 Cerramientos de aluminio o PVC con ventana plegable.<br \/>\n\u2022 Cerramiento de aluminio o PVC de media altura<br \/>\n\u2022 Cerramiento con cortinas de cristal.<\/p>\n<p>Tambi\u00e9n instalamos toldos convencionales manuales, as\u00ed como toldos autom\u00e1ticos con sensor de intensidad solar para el accionamiento automatizado del toldo y coordinaci\u00f3n del mismo con la radiaci\u00f3n solar, con sensor anemom\u00e9trico para la medici\u00f3n de la velocidad del viento y recogida autom\u00e1tica del toldo en caso de velocidades de viento superiores a las establecidas por los l\u00edmites de seguridad.<\/p>\n\n\n<div style=\"height:45px\" aria-hidden=\"true\" class=\"wp-block-spacer\"><\/div>\n\n\n\n<figure class=\"wp-block-gallery has-nested-images columns-default is-cropped wp-block-gallery-1 is-layout-flex wp-block-gallery-is-layout-flex\">\n<figure class=\"wp-block-image size-large\"><img loading=\"lazy\" decoding=\"async\" width=\"768\" height=\"1024\" data-id=\"926\" src=\"https:\/\/aluminiosalumar.com\/wp-content\/uploads\/2023\/09\/Terrazas-ALUMAR-1.jpg\" alt=\"Ejemplo de terraza con techo acristalado\" class=\"wp-image-926\" srcset=\"https:\/\/aluminiosalumar.com\/wp-content\/uploads\/2023\/09\/Terrazas-ALUMAR-1.jpg 768w, https:\/\/aluminiosalumar.com\/wp-content\/uploads\/2023\/09\/Terrazas-ALUMAR-1-225x300.jpg 225w\" sizes=\"auto, (max-width: 767px) 89vw, (max-width: 1000px) 54vw, (max-width: 1071px) 543px, 580px\" \/><\/figure>\n\n\n\n<figure class=\"wp-block-image size-large\"><img loading=\"lazy\" decoding=\"async\" width=\"1024\" height=\"768\" data-id=\"925\" src=\"https:\/\/aluminiosalumar.com\/wp-content\/uploads\/2023\/09\/Terrazas-ALUMAR-2.jpg\" alt=\"Ejemplo de trabajo de porche de madera y acristalado\" class=\"wp-image-925\" srcset=\"https:\/\/aluminiosalumar.com\/wp-content\/uploads\/2023\/09\/Terrazas-ALUMAR-2.jpg 1024w, https:\/\/aluminiosalumar.com\/wp-content\/uploads\/2023\/09\/Terrazas-ALUMAR-2-300x225.jpg 300w, https:\/\/aluminiosalumar.com\/wp-content\/uploads\/2023\/09\/Terrazas-ALUMAR-2-768x576.jpg 768w\" sizes=\"auto, (max-width: 767px) 89vw, (max-width: 1000px) 54vw, (max-width: 1071px) 543px, 580px\" \/><\/figure>\n\n\n\n<figure class=\"wp-block-image size-large\"><img loading=\"lazy\" decoding=\"async\" width=\"1024\" height=\"768\" data-id=\"924\" src=\"https:\/\/aluminiosalumar.com\/wp-content\/uploads\/2023\/09\/Terrazas-ALUMAR-3.jpg\" alt=\"\" class=\"wp-image-924\" srcset=\"https:\/\/aluminiosalumar.com\/wp-content\/uploads\/2023\/09\/Terrazas-ALUMAR-3.jpg 1024w, https:\/\/aluminiosalumar.com\/wp-content\/uploads\/2023\/09\/Terrazas-ALUMAR-3-300x225.jpg 300w, https:\/\/aluminiosalumar.com\/wp-content\/uploads\/2023\/09\/Terrazas-ALUMAR-3-768x576.jpg 768w\" sizes=\"auto, (max-width: 767px) 89vw, (max-width: 1000px) 54vw, (max-width: 1071px) 543px, 580px\" \/><\/figure>\n\n\n\n<figure class=\"wp-block-image size-large\"><img loading=\"lazy\" decoding=\"async\" width=\"1024\" height=\"768\" data-id=\"927\" src=\"https:\/\/aluminiosalumar.com\/wp-content\/uploads\/2023\/09\/Terrazas-ALUMAR-4.jpg\" alt=\"exterior de porche acristalado y con persianas\" class=\"wp-image-927\" srcset=\"https:\/\/aluminiosalumar.com\/wp-content\/uploads\/2023\/09\/Terrazas-ALUMAR-4.jpg 1024w, https:\/\/aluminiosalumar.com\/wp-content\/uploads\/2023\/09\/Terrazas-ALUMAR-4-300x225.jpg 300w, https:\/\/aluminiosalumar.com\/wp-content\/uploads\/2023\/09\/Terrazas-ALUMAR-4-768x576.jpg 768w\" sizes=\"auto, (max-width: 767px) 89vw, (max-width: 1000px) 54vw, (max-width: 1071px) 543px, 580px\" \/><\/figure>\n\n\n\n<figure class=\"wp-block-image size-large\"><img loading=\"lazy\" decoding=\"async\" width=\"1024\" height=\"682\" data-id=\"932\" src=\"https:\/\/aluminiosalumar.com\/wp-content\/uploads\/2023\/09\/Terrazas-de-aluminio-1-1024x682.png\" alt=\"Estructura acristalada para terraza\" class=\"wp-image-932\" srcset=\"https:\/\/aluminiosalumar.com\/wp-content\/uploads\/2023\/09\/Terrazas-de-aluminio-1-1024x682.png 1024w, https:\/\/aluminiosalumar.com\/wp-content\/uploads\/2023\/09\/Terrazas-de-aluminio-1-300x200.png 300w, https:\/\/aluminiosalumar.com\/wp-content\/uploads\/2023\/09\/Terrazas-de-aluminio-1-768x512.png 768w, https:\/\/aluminiosalumar.com\/wp-content\/uploads\/2023\/09\/Terrazas-de-aluminio-1.png 1536w\" sizes=\"auto, (max-width: 767px) 89vw, (max-width: 1000px) 54vw, (max-width: 1071px) 543px, 580px\" \/><\/figure>\n\n\n\n<figure class=\"wp-block-image size-large\"><img loading=\"lazy\" decoding=\"async\" width=\"1024\" height=\"682\" data-id=\"929\" src=\"https:\/\/aluminiosalumar.com\/wp-content\/uploads\/2023\/09\/Terrazas-de-aluminio-2-1024x682.png\" alt=\"Puertas correderas acristaladas para terraza\" class=\"wp-image-929\" srcset=\"https:\/\/aluminiosalumar.com\/wp-content\/uploads\/2023\/09\/Terrazas-de-aluminio-2-1024x682.png 1024w, https:\/\/aluminiosalumar.com\/wp-content\/uploads\/2023\/09\/Terrazas-de-aluminio-2-300x200.png 300w, https:\/\/aluminiosalumar.com\/wp-content\/uploads\/2023\/09\/Terrazas-de-aluminio-2-768x512.png 768w, https:\/\/aluminiosalumar.com\/wp-content\/uploads\/2023\/09\/Terrazas-de-aluminio-2.png 1536w\" sizes=\"auto, (max-width: 767px) 89vw, (max-width: 1000px) 54vw, (max-width: 1071px) 543px, 580px\" \/><\/figure>\n\n\n\n<figure class=\"wp-block-image size-large\"><img loading=\"lazy\" decoding=\"async\" width=\"1024\" height=\"682\" data-id=\"928\" src=\"https:\/\/aluminiosalumar.com\/wp-content\/uploads\/2023\/09\/Terrazas-de-aluminio-3-1024x682.png\" alt=\"Ejemplo de trabajo de Puertas acristaladas correderas para terrazas\" class=\"wp-image-928\" srcset=\"https:\/\/aluminiosalumar.com\/wp-content\/uploads\/2023\/09\/Terrazas-de-aluminio-3-1024x682.png 1024w, https:\/\/aluminiosalumar.com\/wp-content\/uploads\/2023\/09\/Terrazas-de-aluminio-3-300x200.png 300w, https:\/\/aluminiosalumar.com\/wp-content\/uploads\/2023\/09\/Terrazas-de-aluminio-3-768x512.png 768w, https:\/\/aluminiosalumar.com\/wp-content\/uploads\/2023\/09\/Terrazas-de-aluminio-3.png 1536w\" sizes=\"auto, (max-width: 767px) 89vw, (max-width: 1000px) 54vw, (max-width: 1071px) 543px, 580px\" \/><\/figure>\n\n\n\n<figure class=\"wp-block-image size-large\"><img loading=\"lazy\" decoding=\"async\" width=\"1024\" height=\"682\" data-id=\"930\" src=\"https:\/\/aluminiosalumar.com\/wp-content\/uploads\/2023\/09\/Terrazas-de-aluminio-4-1024x682.png\" alt=\"Puertas correderas para terraza\" class=\"wp-image-930\" srcset=\"https:\/\/aluminiosalumar.com\/wp-content\/uploads\/2023\/09\/Terrazas-de-aluminio-4-1024x682.png 1024w, https:\/\/aluminiosalumar.com\/wp-content\/uploads\/2023\/09\/Terrazas-de-aluminio-4-300x200.png 300w, https:\/\/aluminiosalumar.com\/wp-content\/uploads\/2023\/09\/Terrazas-de-aluminio-4-768x512.png 768w, https:\/\/aluminiosalumar.com\/wp-content\/uploads\/2023\/09\/Terrazas-de-aluminio-4.png 1536w\" sizes=\"auto, (max-width: 767px) 89vw, (max-width: 1000px) 54vw, (max-width: 1071px) 543px, 580px\" \/><\/figure>\n\n\n\n<figure class=\"wp-block-image size-large\"><img loading=\"lazy\" decoding=\"async\" width=\"1024\" height=\"682\" data-id=\"933\" src=\"https:\/\/aluminiosalumar.com\/wp-content\/uploads\/2023\/09\/Terrazas-de-aluminio-5-1024x682.png\" alt=\"Puertas correderas para terraza\" class=\"wp-image-933\" srcset=\"https:\/\/aluminiosalumar.com\/wp-content\/uploads\/2023\/09\/Terrazas-de-aluminio-5-1024x682.png 1024w, https:\/\/aluminiosalumar.com\/wp-content\/uploads\/2023\/09\/Terrazas-de-aluminio-5-300x200.png 300w, https:\/\/aluminiosalumar.com\/wp-content\/uploads\/2023\/09\/Terrazas-de-aluminio-5-768x512.png 768w, https:\/\/aluminiosalumar.com\/wp-content\/uploads\/2023\/09\/Terrazas-de-aluminio-5.png 1536w\" sizes=\"auto, (max-width: 767px) 89vw, (max-width: 1000px) 54vw, (max-width: 1071px) 543px, 580px\" \/><\/figure>\n\n\n\n<figure class=\"wp-block-image size-large\"><img loading=\"lazy\" decoding=\"async\" width=\"1024\" height=\"682\" data-id=\"931\" src=\"https:\/\/aluminiosalumar.com\/wp-content\/uploads\/2023\/09\/Terrazas-de-aluminio-6-1024x682.png\" alt=\"Acristalado de vivienda familiar con puertas plegables\" class=\"wp-image-931\" srcset=\"https:\/\/aluminiosalumar.com\/wp-content\/uploads\/2023\/09\/Terrazas-de-aluminio-6-1024x682.png 1024w, https:\/\/aluminiosalumar.com\/wp-content\/uploads\/2023\/09\/Terrazas-de-aluminio-6-300x200.png 300w, https:\/\/aluminiosalumar.com\/wp-content\/uploads\/2023\/09\/Terrazas-de-aluminio-6-768x512.png 768w, https:\/\/aluminiosalumar.com\/wp-content\/uploads\/2023\/09\/Terrazas-de-aluminio-6.png 1536w\" sizes=\"auto, (max-width: 767px) 89vw, (max-width: 1000px) 54vw, (max-width: 1071px) 543px, 580px\" \/><\/figure>\n<\/figure>\n","protected":false},"excerpt":{"rendered":"<p>Los cerramientos de terrazas y balcones son perfectos para realizar actividades al aire libre, como reuniones con amigos o leer un libro sentados en una hamaca. Nos permiten aislar cierta parte de nuestra terraza protegi\u00e9ndonos del fr\u00edo o lluvias de ciertas estaciones, protegido de las bajas y altas temperaturas, adem\u00e1s de los rayos de sol &hellip; <\/p>\n<p class=\"link-more\"><a href=\"https:\/\/aluminiosalumar.com\/index.php\/terrazas-balcones-y-toldos\/\" class=\"more-link\">Continuar leyendo<span class=\"screen-reader-text\"> \u00abTerrazas, Balcones y Toldos\u00bb<\/span><\/a><\/p>\n","protected":false},"author":1,"featured_media":0,"parent":0,"menu_order":0,"comment_status":"closed","ping_status":"closed","template":"","meta":{"footnotes":""},"class_list":["post-869","page","type-page","status-publish","hentry"],"yoast_head":"<!-- This site is optimized with the Yoast SEO plugin v24.2 - https:\/\/yoast.com\/wordpress\/plugins\/seo\/ -->\n<title>Terrazas, Balcones y Toldos en Burgos<\/title>\n<meta name=\"description\" content=\"Cerramientos de terrazas y balcones. Cerramientos de aluminio o PVC con ventana. Cerramiento con cortinas de cristal.\" \/>\n<meta name=\"robots\" content=\"index, follow, max-snippet:-1, max-image-preview:large, max-video-preview:-1\" \/>\n<link rel=\"canonical\" href=\"https:\/\/aluminiosalumar.com\/index.php\/terrazas-balcones-y-toldos\/\" \/>\n<meta property=\"og:locale\" content=\"es_ES\" \/>\n<meta property=\"og:type\" content=\"article\" \/>\n<meta property=\"og:title\" content=\"Terrazas, Balcones y Toldos en Burgos\" \/>\n<meta property=\"og:description\" content=\"Cerramientos de terrazas y balcones. Cerramientos de aluminio o PVC con ventana. Cerramiento con cortinas de cristal.\" \/>\n<meta property=\"og:url\" content=\"https:\/\/aluminiosalumar.com\/index.php\/terrazas-balcones-y-toldos\/\" \/>\n<meta property=\"article:modified_time\" content=\"2024-10-11T06:25:34+00:00\" \/>\n<meta property=\"og:image\" content=\"https:\/\/aluminiosalumar.com\/wp-content\/uploads\/2023\/09\/Terrazas-ALUMAR-1.jpg\" \/>\n<meta name=\"twitter:card\" content=\"summary_large_image\" \/>\n<meta name=\"twitter:label1\" content=\"Tiempo de lectura\" \/>\n\t<meta name=\"twitter:data1\" content=\"3 minutos\" \/>\n<script type=\"application\/ld+json\" class=\"yoast-schema-graph\">{\"@context\":\"https:\/\/schema.org\",\"@graph\":[{\"@type\":\"WebPage\",\"@id\":\"https:\/\/aluminiosalumar.com\/index.php\/terrazas-balcones-y-toldos\/\",\"url\":\"https:\/\/aluminiosalumar.com\/index.php\/terrazas-balcones-y-toldos\/\",\"name\":\"Terrazas, Balcones y Toldos en Burgos\",\"isPartOf\":{\"@id\":\"https:\/\/aluminiosalumar.com\/#website\"},\"primaryImageOfPage\":{\"@id\":\"https:\/\/aluminiosalumar.com\/index.php\/terrazas-balcones-y-toldos\/#primaryimage\"},\"image\":{\"@id\":\"https:\/\/aluminiosalumar.com\/index.php\/terrazas-balcones-y-toldos\/#primaryimage\"},\"thumbnailUrl\":\"https:\/\/aluminiosalumar.com\/wp-content\/uploads\/2023\/09\/Terrazas-ALUMAR-1.jpg\",\"datePublished\":\"2023-09-07T09:48:58+00:00\",\"dateModified\":\"2024-10-11T06:25:34+00:00\",\"description\":\"Cerramientos de terrazas y balcones. Cerramientos de aluminio o PVC con ventana. Cerramiento con cortinas de cristal.\",\"breadcrumb\":{\"@id\":\"https:\/\/aluminiosalumar.com\/index.php\/terrazas-balcones-y-toldos\/#breadcrumb\"},\"inLanguage\":\"es\",\"potentialAction\":[{\"@type\":\"ReadAction\",\"target\":[\"https:\/\/aluminiosalumar.com\/index.php\/terrazas-balcones-y-toldos\/\"]}]},{\"@type\":\"ImageObject\",\"inLanguage\":\"es\",\"@id\":\"https:\/\/aluminiosalumar.com\/index.php\/terrazas-balcones-y-toldos\/#primaryimage\",\"url\":\"https:\/\/aluminiosalumar.com\/wp-content\/uploads\/2023\/09\/Terrazas-ALUMAR-1.jpg\",\"contentUrl\":\"https:\/\/aluminiosalumar.com\/wp-content\/uploads\/2023\/09\/Terrazas-ALUMAR-1.jpg\",\"width\":768,\"height\":1024},{\"@type\":\"BreadcrumbList\",\"@id\":\"https:\/\/aluminiosalumar.com\/index.php\/terrazas-balcones-y-toldos\/#breadcrumb\",\"itemListElement\":[{\"@type\":\"ListItem\",\"position\":1,\"name\":\"Portada\",\"item\":\"https:\/\/aluminiosalumar.com\/\"},{\"@type\":\"ListItem\",\"position\":2,\"name\":\"Terrazas, Balcones y Toldos\"}]},{\"@type\":\"WebSite\",\"@id\":\"https:\/\/aluminiosalumar.com\/#website\",\"url\":\"https:\/\/aluminiosalumar.com\/\",\"name\":\"\",\"description\":\"Carpinter\u00eda de Alum\u00ednio y PVC\",\"potentialAction\":[{\"@type\":\"SearchAction\",\"target\":{\"@type\":\"EntryPoint\",\"urlTemplate\":\"https:\/\/aluminiosalumar.com\/?s={search_term_string}\"},\"query-input\":{\"@type\":\"PropertyValueSpecification\",\"valueRequired\":true,\"valueName\":\"search_term_string\"}}],\"inLanguage\":\"es\"}]}<\/script>\n<!-- \/ Yoast SEO plugin. -->","yoast_head_json":{"title":"Terrazas, Balcones y Toldos en Burgos","description":"Cerramientos de terrazas y balcones. Cerramientos de aluminio o PVC con ventana. Cerramiento con cortinas de cristal.","robots":{"index":"index","follow":"follow","max-snippet":"max-snippet:-1","max-image-preview":"max-image-preview:large","max-video-preview":"max-video-preview:-1"},"canonical":"https:\/\/aluminiosalumar.com\/index.php\/terrazas-balcones-y-toldos\/","og_locale":"es_ES","og_type":"article","og_title":"Terrazas, Balcones y Toldos en Burgos","og_description":"Cerramientos de terrazas y balcones. Cerramientos de aluminio o PVC con ventana. Cerramiento con cortinas de cristal.","og_url":"https:\/\/aluminiosalumar.com\/index.php\/terrazas-balcones-y-toldos\/","article_modified_time":"2024-10-11T06:25:34+00:00","og_image":[{"url":"https:\/\/aluminiosalumar.com\/wp-content\/uploads\/2023\/09\/Terrazas-ALUMAR-1.jpg","type":"","width":"","height":""}],"twitter_card":"summary_large_image","twitter_misc":{"Tiempo de lectura":"3 minutos"},"schema":{"@context":"https:\/\/schema.org","@graph":[{"@type":"WebPage","@id":"https:\/\/aluminiosalumar.com\/index.php\/terrazas-balcones-y-toldos\/","url":"https:\/\/aluminiosalumar.com\/index.php\/terrazas-balcones-y-toldos\/","name":"Terrazas, Balcones y Toldos en Burgos","isPartOf":{"@id":"https:\/\/aluminiosalumar.com\/#website"},"primaryImageOfPage":{"@id":"https:\/\/aluminiosalumar.com\/index.php\/terrazas-balcones-y-toldos\/#primaryimage"},"image":{"@id":"https:\/\/aluminiosalumar.com\/index.php\/terrazas-balcones-y-toldos\/#primaryimage"},"thumbnailUrl":"https:\/\/aluminiosalumar.com\/wp-content\/uploads\/2023\/09\/Terrazas-ALUMAR-1.jpg","datePublished":"2023-09-07T09:48:58+00:00","dateModified":"2024-10-11T06:25:34+00:00","description":"Cerramientos de terrazas y balcones. Cerramientos de aluminio o PVC con ventana. Cerramiento con cortinas de cristal.","breadcrumb":{"@id":"https:\/\/aluminiosalumar.com\/index.php\/terrazas-balcones-y-toldos\/#breadcrumb"},"inLanguage":"es","potentialAction":[{"@type":"ReadAction","target":["https:\/\/aluminiosalumar.com\/index.php\/terrazas-balcones-y-toldos\/"]}]},{"@type":"ImageObject","inLanguage":"es","@id":"https:\/\/aluminiosalumar.com\/index.php\/terrazas-balcones-y-toldos\/#primaryimage","url":"https:\/\/aluminiosalumar.com\/wp-content\/uploads\/2023\/09\/Terrazas-ALUMAR-1.jpg","contentUrl":"https:\/\/aluminiosalumar.com\/wp-content\/uploads\/2023\/09\/Terrazas-ALUMAR-1.jpg","width":768,"height":1024},{"@type":"BreadcrumbList","@id":"https:\/\/aluminiosalumar.com\/index.php\/terrazas-balcones-y-toldos\/#breadcrumb","itemListElement":[{"@type":"ListItem","position":1,"name":"Portada","item":"https:\/\/aluminiosalumar.com\/"},{"@type":"ListItem","position":2,"name":"Terrazas, Balcones y Toldos"}]},{"@type":"WebSite","@id":"https:\/\/aluminiosalumar.com\/#website","url":"https:\/\/aluminiosalumar.com\/","name":"","description":"Carpinter\u00eda de Alum\u00ednio y PVC","potentialAction":[{"@type":"SearchAction","target":{"@type":"EntryPoint","urlTemplate":"https:\/\/aluminiosalumar.com\/?s={search_term_string}"},"query-input":{"@type":"PropertyValueSpecification","valueRequired":true,"valueName":"search_term_string"}}],"inLanguage":"es"}]}},"_links":{"self":[{"href":"https:\/\/aluminiosalumar.com\/index.php\/wp-json\/wp\/v2\/pages\/869","targetHints":{"allow":["GET"]}}],"collection":[{"href":"https:\/\/aluminiosalumar.com\/index.php\/wp-json\/wp\/v2\/pages"}],"about":[{"href":"https:\/\/aluminiosalumar.com\/index.php\/wp-json\/wp\/v2\/types\/page"}],"author":[{"embeddable":true,"href":"https:\/\/aluminiosalumar.com\/index.php\/wp-json\/wp\/v2\/users\/1"}],"replies":[{"embeddable":true,"href":"https:\/\/aluminiosalumar.com\/index.php\/wp-json\/wp\/v2\/comments?post=869"}],"version-history":[{"count":6,"href":"https:\/\/aluminiosalumar.com\/index.php\/wp-json\/wp\/v2\/pages\/869\/revisions"}],"predecessor-version":[{"id":1237,"href":"https:\/\/aluminiosalumar.com\/index.php\/wp-json\/wp\/v2\/pages\/869\/revisions\/1237"}],"wp:attachment":[{"href":"https:\/\/aluminiosalumar.com\/index.php\/wp-json\/wp\/v2\/media?parent=869"}],"curies":[{"name":"wp","href":"https:\/\/api.w.org\/{rel}","templated":true}]}}